{"id":7,"date":"2020-07-10T17:51:43","date_gmt":"2020-07-10T15:51:43","guid":{"rendered":"https:\/\/www.culturalvila-seca.cat\/airesdegralla\/?page_id=7"},"modified":"2020-08-18T18:01:37","modified_gmt":"2020-08-18T16:01:37","slug":"aires-de-gralla","status":"publish","type":"page","link":"https:\/\/www.culturalvila-seca.cat\/airesdegralla\/","title":{"rendered":"Aires de Gralla"},"content":{"rendered":"\n<div class=\"wp-block-group alignfull block_skew intro_subsite\"><div class=\"wp-block-group__inner-container is-layout-flow wp-block-group-is-layout-flow\"><h1>Aires de Gralla<\/h1>\n<\/div><\/div>\n\n\n\n<div class=\"wp-block-columns block_cols img_left block_link extended is-layout-flex wp-container-core-columns-is-layout-9d6595d7 wp-block-columns-is-layout-flex\">\n<div class=\"wp-block-column is-layout-flow wp-block-column-is-layout-flow\" style=\"flex-basis:50%\">\n<figure class=\"wp-block-image size-large\"><img loading=\"lazy\" decoding=\"async\" width=\"1000\" height=\"1000\" src=\"https:\/\/www.culturalvila-seca.cat\/airesdegralla\/wp-content\/uploads\/sites\/2\/2020\/07\/airesdegralla09-1.jpg\" alt=\"Aires de Gralla acompanyant els Trabucaires del Com\u00fa durant la Festa Major de 2019\" class=\"wp-image-138\" srcset=\"https:\/\/www.culturalvila-seca.cat\/airesdegralla\/wp-content\/uploads\/sites\/2\/2020\/07\/airesdegralla09-1.jpg 1000w, https:\/\/www.culturalvila-seca.cat\/airesdegralla\/wp-content\/uploads\/sites\/2\/2020\/07\/airesdegralla09-1-300x300.jpg 300w, https:\/\/www.culturalvila-seca.cat\/airesdegralla\/wp-content\/uploads\/sites\/2\/2020\/07\/airesdegralla09-1-150x150.jpg 150w, https:\/\/www.culturalvila-seca.cat\/airesdegralla\/wp-content\/uploads\/sites\/2\/2020\/07\/airesdegralla09-1-768x768.jpg 768w\" sizes=\"auto, (max-width: 1000px) 100vw, 1000px\" \/><figcaption>Aires de Gralla acompanyant els Trabucaires del Com\u00fa durant la Festa Major de 2019<br>Fotografia: David Melero<\/figcaption><\/figure>\n\n\n\n<p><\/p>\n<\/div>\n\n\n\n<div class=\"wp-block-column is-layout-flow wp-block-column-is-layout-flow\" style=\"flex-basis:50%\">\n<h2 class=\"wp-block-heading\">Expressi\u00f3 viva de la m\u00fasica d\u2019origen tradicional<\/h2>\n\n\n\n<div class=\"wp-block-group\"><div class=\"wp-block-group__inner-container is-layout-flow wp-block-group-is-layout-flow\">\n<p>Componem i toquem peces musicals de base tradicional <\/p>\n<\/div><\/div>\n\n\n\n<p><a href=\"https:\/\/www.culturalvila-seca.cat\/airesdegralla\/que-fem\/\">T&#8217;ho expliquem ?<\/a><\/p>\n<\/div>\n<\/div>\n\n\n\n<div class=\"wp-block-group alignfull block_skew grey angle2 extended\"><div class=\"wp-block-group__inner-container is-layout-flow wp-block-group-is-layout-flow\">\n<h2 class=\"wp-block-heading\">Pr\u00f2xim esdeveniment<\/h2>\n\n\n<section class=\"noticia_destacada\">\n<div class=\"wp-block-columns block_link block_noticia block_link extended  \">\n\t<div class=\"wp-block-column foto_noticia\">\n\t\t<figure class=\"wp-block-image alignwide size-large relocatable\">\n\t\t<img loading=\"lazy\" decoding=\"async\" width=\"212\" height=\"300\" src=\"https:\/\/www.culturalvila-seca.cat\/airesdegralla\/wp-content\/uploads\/sites\/2\/2021\/09\/Screenshot_20210907-160547_Adobe-Acrobat-212x300.jpg\" class=\"attachment-medium size-medium wp-post-image\" alt=\"\" srcset=\"https:\/\/www.culturalvila-seca.cat\/airesdegralla\/wp-content\/uploads\/sites\/2\/2021\/09\/Screenshot_20210907-160547_Adobe-Acrobat-212x300.jpg 212w, https:\/\/www.culturalvila-seca.cat\/airesdegralla\/wp-content\/uploads\/sites\/2\/2021\/09\/Screenshot_20210907-160547_Adobe-Acrobat-724x1024.jpg 724w, https:\/\/www.culturalvila-seca.cat\/airesdegralla\/wp-content\/uploads\/sites\/2\/2021\/09\/Screenshot_20210907-160547_Adobe-Acrobat-768x1086.jpg 768w, https:\/\/www.culturalvila-seca.cat\/airesdegralla\/wp-content\/uploads\/sites\/2\/2021\/09\/Screenshot_20210907-160547_Adobe-Acrobat-1087x1536.jpg 1087w, https:\/\/www.culturalvila-seca.cat\/airesdegralla\/wp-content\/uploads\/sites\/2\/2021\/09\/Screenshot_20210907-160547_Adobe-Acrobat.jpg 1436w\" sizes=\"auto, (max-width: 212px) 100vw, 212px\" \/>\t\t<figcaption><\/figcaption>\n\t\t<\/figure>\n\t<\/div>\n\t<div class=\"wp-block-column text_noticia\">\n\t\n\t\t<div class=\"titol\">\n\t\t\t\t<h3>Ezequiel Molina interpretar\u00e0 &#8220;Els Segadors&#8221; l&#8217;Onze de Setembre<\/h3>\n\t\t\t\t\t\t\t\t<\/div>\n\t\t<p>Dins dels actes commemoratius de la Diada hi trobem l&#8217;actuaci\u00f3 del grup de teatre la Tramoia, la lectura de manifestos d&#8217;\u00d2mnium cultural i Anc i la interpretaci\u00f3 dels Segadors per part del President d&#8217;aires de gralla, Ezequiel Molina. Us hi esperem!<\/p>\n\t\t\n\t\t\n\t\t<p class=\"article_actions\">\n\t\t\n\t\t\t<a href=\"https:\/\/www.culturalvila-seca.cat\/airesdegralla\/actualitat\/ezequiel-molina-interpretara-els-segadors-lonze-de-setembre\/\" >\n\t\t\t\t<i class=\"fas fa-chevron-right\"><\/i> Llegeix m\u00e9s\n\t\t\t<\/a>\n\t\t\t\t\t\t\t\t<\/p>\n\n\n\t<\/div>\n<\/div><\/section>\n<\/div><\/div>\n\n\n\n<p><\/p>\n","protected":false},"excerpt":{"rendered":"<p>Expressi\u00f3 viva de la m\u00fasica d\u2019origen tradicional Componem i toquem peces musicals de base tradicional T&#8217;ho expliquem ? Pr\u00f2xim esdeveniment<\/p>\n","protected":false},"author":1,"featured_media":133,"parent":0,"menu_order":0,"comment_status":"closed","ping_status":"closed","template":"","meta":{"_acf_changed":false,"footnotes":""},"class_list":["post-7","page","type-page","status-publish","has-post-thumbnail","hentry"],"acf":[],"_links":{"self":[{"href":"https:\/\/www.culturalvila-seca.cat\/airesdegralla\/wp-json\/wp\/v2\/pages\/7","targetHints":{"allow":["GET"]}}],"collection":[{"href":"https:\/\/www.culturalvila-seca.cat\/airesdegralla\/wp-json\/wp\/v2\/pages"}],"about":[{"href":"https:\/\/www.culturalvila-seca.cat\/airesdegralla\/wp-json\/wp\/v2\/types\/page"}],"author":[{"embeddable":true,"href":"https:\/\/www.culturalvila-seca.cat\/airesdegralla\/wp-json\/wp\/v2\/users\/1"}],"replies":[{"embeddable":true,"href":"https:\/\/www.culturalvila-seca.cat\/airesdegralla\/wp-json\/wp\/v2\/comments?post=7"}],"version-history":[{"count":45,"href":"https:\/\/www.culturalvila-seca.cat\/airesdegralla\/wp-json\/wp\/v2\/pages\/7\/revisions"}],"predecessor-version":[{"id":169,"href":"https:\/\/www.culturalvila-seca.cat\/airesdegralla\/wp-json\/wp\/v2\/pages\/7\/revisions\/169"}],"wp:featuredmedia":[{"embeddable":true,"href":"https:\/\/www.culturalvila-seca.cat\/airesdegralla\/wp-json\/wp\/v2\/media\/133"}],"wp:attachment":[{"href":"https:\/\/www.culturalvila-seca.cat\/airesdegralla\/wp-json\/wp\/v2\/media?parent=7"}],"curies":[{"name":"wp","href":"https:\/\/api.w.org\/{rel}","templated":true}]}}