{"id":11,"date":"2020-07-11T18:54:14","date_gmt":"2020-07-11T16:54:14","guid":{"rendered":"https:\/\/www.culturalvila-seca.cat\/cevs\/?page_id=11"},"modified":"2020-09-02T17:48:53","modified_gmt":"2020-09-02T15:48:53","slug":"presentacio","status":"publish","type":"page","link":"https:\/\/www.culturalvila-seca.cat\/cevs\/presentacio\/","title":{"rendered":"Presentaci\u00f3"},"content":{"rendered":"\n<div class=\"wp-block-group alignfull block_skew intro_pagina\"><div class=\"wp-block-group__inner-container is-layout-flow wp-block-group-is-layout-flow\"><h1>Presentaci\u00f3<\/h1>\n\n\n\n<p>El Centre d&#8217;Estudis Vila-secans Maria Elena Maseras \u00e9s un projecte associatiu d&#8217;\u00e0mbit local que t\u00e9 per objectiu contribuir a l&#8217;enriquiment de la vida cultural del municipi. El nostre millor patrimoni \u00e9s un poble amb ganes de saber sempre m\u00e9s.<\/p>\n<\/div><\/div>\n\n\n\n<h3 class=\"wp-block-heading\">Coneixement, divulgaci\u00f3 i rigor cient\u00edfic<\/h3>\n\n\n\n<p>El Centre d&#8217;Estudis Vila-secans Maria Elena Maseras, secci\u00f3 de l&#8217;Agrupaci\u00f3 Cultural des d&#8217;aquest any 2020, va n\u00e9ixer el 2014 dels interessos i inquietuds d&#8217;un grup de joves locals que comparteixen un mateix afany per la divulgaci\u00f3 de la cultura i el coneixement. En aquest sentit, es considera que a Vila-seca existeixen actualment les condicions suficients per intentar impulsar un projecte basat en el model i l&#8217;experi\u00e8ncia dels centres d&#8217;estudis que des de fa anys han proliferat arreu del pa\u00eds. En aquest sentit, la iniciativa sorgeix del convenciment que la creaci\u00f3 d&#8217;un centre d&#8217;estudis local pot contribuir significativament a la dinamitzaci\u00f3 cultural del municipi, sumant-se aix\u00ed a l&#8217;esfor\u00e7 conjunt que en aquest \u00e0mbit realitzen les entitats i associacions ja existents.<\/p>\n\n\n\n<p>El CEVS porta el nom de la <a href=\"https:\/\/ca.wikipedia.org\/wiki\/Maria_Elena_Maseras_i_Ribera\" target=\"_blank\" rel=\"noreferrer noopener\">Maria Elena Maseras<\/a>, per tal d&#8217;homenatjar aquesta vila-secana, que va ser la primera dona a cursar estudis universitaris a l&#8217;Estat espanyol. Concretament va estudiar la carrera de medicina, tot i que mai li van permetre exercir.<\/p>\n\n\n\n<figure class=\"wp-block-image size-large\"><img loading=\"lazy\" decoding=\"async\" width=\"1024\" height=\"760\" src=\"https:\/\/www.culturalvila-seca.cat\/cevs\/wp-content\/uploads\/sites\/4\/2020\/07\/conferencia_emili_samper-1024x760.jpg\" alt=\"\" class=\"wp-image-68\" srcset=\"https:\/\/www.culturalvila-seca.cat\/cevs\/wp-content\/uploads\/sites\/4\/2020\/07\/conferencia_emili_samper-1024x760.jpg 1024w, https:\/\/www.culturalvila-seca.cat\/cevs\/wp-content\/uploads\/sites\/4\/2020\/07\/conferencia_emili_samper-300x223.jpg 300w, https:\/\/www.culturalvila-seca.cat\/cevs\/wp-content\/uploads\/sites\/4\/2020\/07\/conferencia_emili_samper-768x570.jpg 768w, https:\/\/www.culturalvila-seca.cat\/cevs\/wp-content\/uploads\/sites\/4\/2020\/07\/conferencia_emili_samper-1536x1139.jpg 1536w, https:\/\/www.culturalvila-seca.cat\/cevs\/wp-content\/uploads\/sites\/4\/2020\/07\/conferencia_emili_samper.jpg 1599w\" sizes=\"auto, (max-width: 1024px) 100vw, 1024px\" \/><\/figure>\n\n\n\n<h3 class=\"wp-block-heading\">Principis<\/h3>\n\n\n\n<p>El Centre d&#8217;Estudis Vila-secans Maria Elena Maseras \u00e9s, per damunt de tot, un projecte&nbsp;<strong>local<\/strong>, entenent aquest concepte en la seva accepci\u00f3 m\u00e9s complerta. Local en la mesura en qu\u00e8 el projecte est\u00e0 orientat a contribuir a la dinamitzaci\u00f3 de la vida cultural del municipi, i de forma molt especial, a posar en valor i reivindicar la seva hist\u00f2ria i el seu patrimoni. Per\u00f2 local tamb\u00e9 pel que fa a la voluntat d&#8217;assumir en les diferents activitats que es promoguin una perspectiva n\u00edtidament vila-secana tant pel que fa a la tem\u00e0tica i l&#8217;enfocament, com als actius amb qu\u00e8 comptar per dur-les a terme.<\/p>\n\n\n\n<p>Volem ser un espai plural que s\u00e0piga donar compte de l\u2019enorme amplitud que tenen els \u00e0mbits de la cultura i el coneixement. D&#8217;aquesta manera, la&nbsp;<strong>interdisciplinarietat<\/strong>&nbsp;ha de ser una de les senyes d&#8217;identitat del projecte, ja que partim d\u2019una concepci\u00f3 integral del coneixement i considerem que totes les seves branques han de ser cultivades per tal de poder obtenir una s\u00f2lida visi\u00f3 de conjunt de les coses.<\/p>\n\n\n\n<figure class=\"wp-block-image size-large\"><img loading=\"lazy\" decoding=\"async\" width=\"720\" height=\"479\" src=\"https:\/\/www.culturalvila-seca.cat\/cevs\/wp-content\/uploads\/sites\/4\/2020\/07\/concert_olgapes.jpg\" alt=\"\" class=\"wp-image-69\" srcset=\"https:\/\/www.culturalvila-seca.cat\/cevs\/wp-content\/uploads\/sites\/4\/2020\/07\/concert_olgapes.jpg 720w, https:\/\/www.culturalvila-seca.cat\/cevs\/wp-content\/uploads\/sites\/4\/2020\/07\/concert_olgapes-300x200.jpg 300w\" sizes=\"auto, (max-width: 720px) 100vw, 720px\" \/><\/figure>\n\n\n\n<p>El projecte assumeix tamb\u00e9 un ineludible comprom\u00eds amb el&nbsp;<strong>rigor acad\u00e8mic<\/strong>&nbsp;i cient\u00edfic pel que fa al contingut de les activitats promogudes. Tanmateix, aix\u00f2 no \u00e9s obstacle en cap cas per dotar a aquestes activitats d&#8217;un car\u00e0cter eminentment<strong>&nbsp;divulgatiu<\/strong>&nbsp;i orientat cap a tot el p\u00fablic vila-sec\u00e0, ja que tenim el convenciment que \u00e9s precisament a trav\u00e9s d&#8217;aquesta tasca de difusi\u00f3 del coneixement i la cultura que podrem reivindicar el seu indispensable i incalculable&nbsp;<strong>valor social.<\/strong><\/p>\n\n\n\n<h3 class=\"wp-block-heading\">Com ens organitzem<\/h3>\n\n\n\n<p>El Centre d\u2019Estudis Vila-secans Maria Elena Maseras, secci\u00f3 de l\u2019Agrupaci\u00f3 Cultural de Vila-seca, funciona de forma totalment democr\u00e0tica. No solament perqu\u00e8 considerem que \u00e9s el sistema m\u00e9s just i representatiu, sin\u00f3 perqu\u00e8 creiem tamb\u00e9 que la participaci\u00f3 directa \u00e9s la millor manera de fer totalment part\u00edcips del projecte a tots els socis i sumar, d\u2019aquesta manera, totes les idees i iniciatives possibles per tal d\u2019enriquir cont\u00ednuament el centre d\u2019estudis. En aquest sentit, ens esforcem perqu\u00e8 tant la presa de decisions com l\u2019execuci\u00f3 de les activitats siguin al m\u00e9s consensuades possible.<\/p>\n\n\n\n<figure class=\"wp-block-gallery columns-3 is-cropped wp-block-gallery-1 is-layout-flex wp-block-gallery-is-layout-flex\"><ul class=\"blocks-gallery-grid\"><li class=\"blocks-gallery-item\"><figure><a href=\"https:\/\/www.culturalvila-seca.cat\/cevs\/wp-content\/uploads\/sites\/4\/2020\/07\/visita_mnac1.jpg\"><img loading=\"lazy\" decoding=\"async\" width=\"960\" height=\"720\" src=\"https:\/\/www.culturalvila-seca.cat\/cevs\/wp-content\/uploads\/sites\/4\/2020\/07\/visita_mnac1.jpg\" alt=\"\" data-id=\"78\" data-full-url=\"https:\/\/www.culturalvila-seca.cat\/cevs\/wp-content\/uploads\/sites\/4\/2020\/07\/visita_mnac1.jpg\" data-link=\"https:\/\/www.culturalvila-seca.cat\/cevs\/historia\/visita_mnac1\/\" class=\"wp-image-78\" srcset=\"https:\/\/www.culturalvila-seca.cat\/cevs\/wp-content\/uploads\/sites\/4\/2020\/07\/visita_mnac1.jpg 960w, https:\/\/www.culturalvila-seca.cat\/cevs\/wp-content\/uploads\/sites\/4\/2020\/07\/visita_mnac1-300x225.jpg 300w, https:\/\/www.culturalvila-seca.cat\/cevs\/wp-content\/uploads\/sites\/4\/2020\/07\/visita_mnac1-768x576.jpg 768w\" sizes=\"auto, (max-width: 960px) 100vw, 960px\" \/><\/a><figcaption class=\"blocks-gallery-item__caption\">Visita al MNAC<\/figcaption><\/figure><\/li><li class=\"blocks-gallery-item\"><figure><a href=\"https:\/\/www.culturalvila-seca.cat\/cevs\/wp-content\/uploads\/sites\/4\/2020\/07\/prsentacio_cevs2.jpg\"><img loading=\"lazy\" decoding=\"async\" width=\"1000\" height=\"665\" src=\"https:\/\/www.culturalvila-seca.cat\/cevs\/wp-content\/uploads\/sites\/4\/2020\/07\/prsentacio_cevs2.jpg\" alt=\"\" data-id=\"80\" data-full-url=\"https:\/\/www.culturalvila-seca.cat\/cevs\/wp-content\/uploads\/sites\/4\/2020\/07\/prsentacio_cevs2.jpg\" data-link=\"https:\/\/www.culturalvila-seca.cat\/cevs\/historia\/prsentacio_cevs2\/\" class=\"wp-image-80\" srcset=\"https:\/\/www.culturalvila-seca.cat\/cevs\/wp-content\/uploads\/sites\/4\/2020\/07\/prsentacio_cevs2.jpg 1000w, https:\/\/www.culturalvila-seca.cat\/cevs\/wp-content\/uploads\/sites\/4\/2020\/07\/prsentacio_cevs2-300x200.jpg 300w, https:\/\/www.culturalvila-seca.cat\/cevs\/wp-content\/uploads\/sites\/4\/2020\/07\/prsentacio_cevs2-768x511.jpg 768w\" sizes=\"auto, (max-width: 1000px) 100vw, 1000px\" \/><\/a><figcaption class=\"blocks-gallery-item__caption\">Presentaci\u00f3 de l&#8217;entitat<\/figcaption><\/figure><\/li><li class=\"blocks-gallery-item\"><figure><a href=\"https:\/\/www.culturalvila-seca.cat\/cevs\/wp-content\/uploads\/sites\/4\/2020\/07\/expo_ruixats_corbera.jpg\"><img loading=\"lazy\" decoding=\"async\" width=\"1024\" height=\"576\" src=\"https:\/\/www.culturalvila-seca.cat\/cevs\/wp-content\/uploads\/sites\/4\/2020\/07\/expo_ruixats_corbera-1024x576.jpg\" alt=\"\" data-id=\"82\" data-full-url=\"https:\/\/www.culturalvila-seca.cat\/cevs\/wp-content\/uploads\/sites\/4\/2020\/07\/expo_ruixats_corbera.jpg\" data-link=\"https:\/\/www.culturalvila-seca.cat\/cevs\/historia\/expo_ruixats_corbera\/\" class=\"wp-image-82\" srcset=\"https:\/\/www.culturalvila-seca.cat\/cevs\/wp-content\/uploads\/sites\/4\/2020\/07\/expo_ruixats_corbera-1024x576.jpg 1024w, https:\/\/www.culturalvila-seca.cat\/cevs\/wp-content\/uploads\/sites\/4\/2020\/07\/expo_ruixats_corbera-300x169.jpg 300w, https:\/\/www.culturalvila-seca.cat\/cevs\/wp-content\/uploads\/sites\/4\/2020\/07\/expo_ruixats_corbera-768x432.jpg 768w, https:\/\/www.culturalvila-seca.cat\/cevs\/wp-content\/uploads\/sites\/4\/2020\/07\/expo_ruixats_corbera-1536x865.jpg 1536w, https:\/\/www.culturalvila-seca.cat\/cevs\/wp-content\/uploads\/sites\/4\/2020\/07\/expo_ruixats_corbera.jpg 1599w\" sizes=\"auto, (max-width: 1024px) 100vw, 1024px\" \/><\/a><figcaption class=\"blocks-gallery-item__caption\">Exosici\u00f3 &#8220;Ruixats de foc&#8221;<\/figcaption><\/figure><\/li><li class=\"blocks-gallery-item\"><figure><a href=\"https:\/\/www.culturalvila-seca.cat\/cevs\/wp-content\/uploads\/sites\/4\/2020\/07\/CEVS01.jpg\"><img loading=\"lazy\" decoding=\"async\" width=\"1000\" height=\"1000\" src=\"https:\/\/www.culturalvila-seca.cat\/cevs\/wp-content\/uploads\/sites\/4\/2020\/07\/CEVS01.jpg\" alt=\"\" data-id=\"92\" data-full-url=\"https:\/\/www.culturalvila-seca.cat\/cevs\/wp-content\/uploads\/sites\/4\/2020\/07\/CEVS01.jpg\" data-link=\"https:\/\/www.culturalvila-seca.cat\/cevs\/centre-estudis-maria-elena-maseras\/cevs01\/\" class=\"wp-image-92\" srcset=\"https:\/\/www.culturalvila-seca.cat\/cevs\/wp-content\/uploads\/sites\/4\/2020\/07\/CEVS01.jpg 1000w, https:\/\/www.culturalvila-seca.cat\/cevs\/wp-content\/uploads\/sites\/4\/2020\/07\/CEVS01-300x300.jpg 300w, https:\/\/www.culturalvila-seca.cat\/cevs\/wp-content\/uploads\/sites\/4\/2020\/07\/CEVS01-150x150.jpg 150w, https:\/\/www.culturalvila-seca.cat\/cevs\/wp-content\/uploads\/sites\/4\/2020\/07\/CEVS01-768x768.jpg 768w\" sizes=\"auto, (max-width: 1000px) 100vw, 1000px\" \/><\/a><\/figure><\/li><\/ul><\/figure>\n\n\n\n<figure class=\"wp-block-image size-large is-style-rounded credit_autor\"><img loading=\"lazy\" decoding=\"async\" width=\"400\" height=\"400\" src=\"https:\/\/www.culturalvila-seca.cat\/cevs\/wp-content\/uploads\/sites\/4\/2020\/07\/cevs.jpg\" alt=\"Gin\u00e9s Puente\" class=\"wp-image-116\" srcset=\"https:\/\/www.culturalvila-seca.cat\/cevs\/wp-content\/uploads\/sites\/4\/2020\/07\/cevs.jpg 400w, https:\/\/www.culturalvila-seca.cat\/cevs\/wp-content\/uploads\/sites\/4\/2020\/07\/cevs-300x300.jpg 300w, https:\/\/www.culturalvila-seca.cat\/cevs\/wp-content\/uploads\/sites\/4\/2020\/07\/cevs-150x150.jpg 150w\" sizes=\"auto, (max-width: 400px) 100vw, 400px\" \/><figcaption><strong>Gin\u00e9s Puente<\/strong> <strong>P\u00e9rez<\/strong><br>President del Centre d&#8217;Estudis Vila-secans Maria Elena Maseras<\/figcaption><\/figure>\n\n\n\n<p><\/p>\n","protected":false},"excerpt":{"rendered":"<p>El Centre d&#8217;Estudis Vila-secans Maria Elena Maseras \u00e9s un projecte associatiu d&#8217;\u00e0mbit local que t\u00e9 per objectiu contribuir a l&#8217;enriquiment de la vida cultural del municipi. El nostre millor patrimoni \u00e9s un poble amb ganes de saber sempre m\u00e9s. Coneixement, divulgaci\u00f3 i rigor cient\u00edfic El Centre d&#8217;Estudis Vila-secans Maria Elena Maseras, secci\u00f3 de l&#8217;Agrupaci\u00f3 Cultural [&hellip;]<\/p>\n","protected":false},"author":1,"featured_media":0,"parent":0,"menu_order":0,"comment_status":"closed","ping_status":"closed","template":"","meta":{"_acf_changed":false,"footnotes":""},"class_list":["post-11","page","type-page","status-publish","hentry"],"acf":[],"_links":{"self":[{"href":"https:\/\/www.culturalvila-seca.cat\/cevs\/wp-json\/wp\/v2\/pages\/11","targetHints":{"allow":["GET"]}}],"collection":[{"href":"https:\/\/www.culturalvila-seca.cat\/cevs\/wp-json\/wp\/v2\/pages"}],"about":[{"href":"https:\/\/www.culturalvila-seca.cat\/cevs\/wp-json\/wp\/v2\/types\/page"}],"author":[{"embeddable":true,"href":"https:\/\/www.culturalvila-seca.cat\/cevs\/wp-json\/wp\/v2\/users\/1"}],"replies":[{"embeddable":true,"href":"https:\/\/www.culturalvila-seca.cat\/cevs\/wp-json\/wp\/v2\/comments?post=11"}],"version-history":[{"count":17,"href":"https:\/\/www.culturalvila-seca.cat\/cevs\/wp-json\/wp\/v2\/pages\/11\/revisions"}],"predecessor-version":[{"id":140,"href":"https:\/\/www.culturalvila-seca.cat\/cevs\/wp-json\/wp\/v2\/pages\/11\/revisions\/140"}],"wp:attachment":[{"href":"https:\/\/www.culturalvila-seca.cat\/cevs\/wp-json\/wp\/v2\/media?parent=11"}],"curies":[{"name":"wp","href":"https:\/\/api.w.org\/{rel}","templated":true}]}}