{"id":10,"date":"2020-07-11T18:55:44","date_gmt":"2020-07-11T16:55:44","guid":{"rendered":"https:\/\/www.culturalvila-seca.cat\/cobladelcomu\/?page_id=10"},"modified":"2020-09-02T17:51:05","modified_gmt":"2020-09-02T15:51:05","slug":"historia","status":"publish","type":"page","link":"https:\/\/www.culturalvila-seca.cat\/cobladelcomu\/historia\/","title":{"rendered":"Hist\u00f2ria"},"content":{"rendered":"\n<div class=\"wp-block-group alignfull block_skew intro_pagina\"><div class=\"wp-block-group__inner-container is-layout-flow wp-block-group-is-layout-flow\"><h1>Hist\u00f2ria<\/h1>\n\n\n\n<p><\/p>\n<\/div><\/div>\n\n\n\n<h2 class=\"wp-block-heading\">Cobla Antiga del Com\u00fa<\/h2>\n\n\n\n<p>La Cobla Antiga del Com\u00fa \u00e9s una formaci\u00f3 que es va crear l\u2019any 2007 i es va estrenar pel seguici del 2008, per Sant Antoni. Aquest fou el primer seguici que particip\u00e0 a la Festa Major de Sant Antoni de Vila-seca, impulsat des de l\u2019Agrupaci\u00f3 Cultural.<\/p>\n\n\n\n<figure class=\"wp-block-gallery columns-3 is-cropped wp-block-gallery-1 is-layout-flex wp-block-gallery-is-layout-flex\"><ul class=\"blocks-gallery-grid\"><li class=\"blocks-gallery-item\"><figure><a href=\"https:\/\/www.culturalvila-seca.cat\/cobladelcomu\/wp-content\/uploads\/sites\/7\/2020\/07\/Seguici-agost-2017-scaled.jpg\"><img loading=\"lazy\" decoding=\"async\" width=\"1024\" height=\"576\" src=\"https:\/\/www.culturalvila-seca.cat\/cobladelcomu\/wp-content\/uploads\/sites\/7\/2020\/07\/Seguici-agost-2017-1024x576.jpg\" alt=\"\" data-id=\"47\" data-full-url=\"https:\/\/www.culturalvila-seca.cat\/cobladelcomu\/wp-content\/uploads\/sites\/7\/2020\/07\/Seguici-agost-2017-scaled.jpg\" data-link=\"https:\/\/www.culturalvila-seca.cat\/cobladelcomu\/historia\/seguici-agost-2017\/\" class=\"wp-image-47\" srcset=\"https:\/\/www.culturalvila-seca.cat\/cobladelcomu\/wp-content\/uploads\/sites\/7\/2020\/07\/Seguici-agost-2017-1024x576.jpg 1024w, https:\/\/www.culturalvila-seca.cat\/cobladelcomu\/wp-content\/uploads\/sites\/7\/2020\/07\/Seguici-agost-2017-300x169.jpg 300w, https:\/\/www.culturalvila-seca.cat\/cobladelcomu\/wp-content\/uploads\/sites\/7\/2020\/07\/Seguici-agost-2017-768x432.jpg 768w, https:\/\/www.culturalvila-seca.cat\/cobladelcomu\/wp-content\/uploads\/sites\/7\/2020\/07\/Seguici-agost-2017-1536x864.jpg 1536w, https:\/\/www.culturalvila-seca.cat\/cobladelcomu\/wp-content\/uploads\/sites\/7\/2020\/07\/Seguici-agost-2017-2048x1152.jpg 2048w\" sizes=\"auto, (max-width: 1024px) 100vw, 1024px\" \/><\/a><\/figure><\/li><li class=\"blocks-gallery-item\"><figure><a href=\"https:\/\/www.culturalvila-seca.cat\/cobladelcomu\/wp-content\/uploads\/sites\/7\/2020\/07\/Seguici-agost-2019-scaled.jpg\"><img loading=\"lazy\" decoding=\"async\" width=\"1024\" height=\"768\" src=\"https:\/\/www.culturalvila-seca.cat\/cobladelcomu\/wp-content\/uploads\/sites\/7\/2020\/07\/Seguici-agost-2019-1024x768.jpg\" alt=\"\" data-id=\"48\" data-full-url=\"https:\/\/www.culturalvila-seca.cat\/cobladelcomu\/wp-content\/uploads\/sites\/7\/2020\/07\/Seguici-agost-2019-scaled.jpg\" data-link=\"https:\/\/www.culturalvila-seca.cat\/cobladelcomu\/historia\/seguici-agost-2019\/\" class=\"wp-image-48\" srcset=\"https:\/\/www.culturalvila-seca.cat\/cobladelcomu\/wp-content\/uploads\/sites\/7\/2020\/07\/Seguici-agost-2019-1024x768.jpg 1024w, https:\/\/www.culturalvila-seca.cat\/cobladelcomu\/wp-content\/uploads\/sites\/7\/2020\/07\/Seguici-agost-2019-300x225.jpg 300w, https:\/\/www.culturalvila-seca.cat\/cobladelcomu\/wp-content\/uploads\/sites\/7\/2020\/07\/Seguici-agost-2019-768x576.jpg 768w, https:\/\/www.culturalvila-seca.cat\/cobladelcomu\/wp-content\/uploads\/sites\/7\/2020\/07\/Seguici-agost-2019-1536x1152.jpg 1536w, https:\/\/www.culturalvila-seca.cat\/cobladelcomu\/wp-content\/uploads\/sites\/7\/2020\/07\/Seguici-agost-2019-2048x1536.jpg 2048w\" sizes=\"auto, (max-width: 1024px) 100vw, 1024px\" \/><\/a><\/figure><\/li><li class=\"blocks-gallery-item\"><figure><a href=\"https:\/\/www.culturalvila-seca.cat\/cobladelcomu\/wp-content\/uploads\/sites\/7\/2020\/07\/Seguici-gener-2019-scaled.jpg\"><img loading=\"lazy\" decoding=\"async\" width=\"1024\" height=\"768\" src=\"https:\/\/www.culturalvila-seca.cat\/cobladelcomu\/wp-content\/uploads\/sites\/7\/2020\/07\/Seguici-gener-2019-1024x768.jpg\" alt=\"\" data-id=\"49\" data-full-url=\"https:\/\/www.culturalvila-seca.cat\/cobladelcomu\/wp-content\/uploads\/sites\/7\/2020\/07\/Seguici-gener-2019-scaled.jpg\" data-link=\"https:\/\/www.culturalvila-seca.cat\/cobladelcomu\/historia\/seguici-gener-2019\/\" class=\"wp-image-49\" srcset=\"https:\/\/www.culturalvila-seca.cat\/cobladelcomu\/wp-content\/uploads\/sites\/7\/2020\/07\/Seguici-gener-2019-1024x768.jpg 1024w, https:\/\/www.culturalvila-seca.cat\/cobladelcomu\/wp-content\/uploads\/sites\/7\/2020\/07\/Seguici-gener-2019-300x225.jpg 300w, https:\/\/www.culturalvila-seca.cat\/cobladelcomu\/wp-content\/uploads\/sites\/7\/2020\/07\/Seguici-gener-2019-768x576.jpg 768w, https:\/\/www.culturalvila-seca.cat\/cobladelcomu\/wp-content\/uploads\/sites\/7\/2020\/07\/Seguici-gener-2019-1536x1152.jpg 1536w, https:\/\/www.culturalvila-seca.cat\/cobladelcomu\/wp-content\/uploads\/sites\/7\/2020\/07\/Seguici-gener-2019-2048x1536.jpg 2048w\" sizes=\"auto, (max-width: 1024px) 100vw, 1024px\" \/><\/a><\/figure><\/li><\/ul><\/figure>\n\n\n\n<figure class=\"wp-block-image size-large is-style-rounded credit_autor\"><img loading=\"lazy\" decoding=\"async\" width=\"400\" height=\"400\" src=\"https:\/\/www.culturalvila-seca.cat\/cobladelcomu\/wp-content\/uploads\/sites\/7\/2020\/07\/ezequielMolina.jpg\" alt=\"\" class=\"wp-image-53\" srcset=\"https:\/\/www.culturalvila-seca.cat\/cobladelcomu\/wp-content\/uploads\/sites\/7\/2020\/07\/ezequielMolina.jpg 400w, https:\/\/www.culturalvila-seca.cat\/cobladelcomu\/wp-content\/uploads\/sites\/7\/2020\/07\/ezequielMolina-300x300.jpg 300w, https:\/\/www.culturalvila-seca.cat\/cobladelcomu\/wp-content\/uploads\/sites\/7\/2020\/07\/ezequielMolina-150x150.jpg 150w\" sizes=\"auto, (max-width: 400px) 100vw, 400px\" \/><figcaption><strong>Ezequiel Molina Pino<\/strong><br>President de la Cobla Antiga del Com\u00fa<\/figcaption><\/figure>\n\n\n\n<p><\/p>\n","protected":false},"excerpt":{"rendered":"<p>Cobla Antiga del Com\u00fa La Cobla Antiga del Com\u00fa \u00e9s una formaci\u00f3 que es va crear l\u2019any 2007 i es va estrenar pel seguici del 2008, per Sant Antoni. Aquest fou el primer seguici que particip\u00e0 a la Festa Major de Sant Antoni de Vila-seca, impulsat des de l\u2019Agrupaci\u00f3 Cultural.<\/p>\n","protected":false},"author":1,"featured_media":0,"parent":0,"menu_order":0,"comment_status":"closed","ping_status":"closed","template":"","meta":{"_acf_changed":false,"footnotes":""},"class_list":["post-10","page","type-page","status-publish","hentry"],"acf":[],"_links":{"self":[{"href":"https:\/\/www.culturalvila-seca.cat\/cobladelcomu\/wp-json\/wp\/v2\/pages\/10","targetHints":{"allow":["GET"]}}],"collection":[{"href":"https:\/\/www.culturalvila-seca.cat\/cobladelcomu\/wp-json\/wp\/v2\/pages"}],"about":[{"href":"https:\/\/www.culturalvila-seca.cat\/cobladelcomu\/wp-json\/wp\/v2\/types\/page"}],"author":[{"embeddable":true,"href":"https:\/\/www.culturalvila-seca.cat\/cobladelcomu\/wp-json\/wp\/v2\/users\/1"}],"replies":[{"embeddable":true,"href":"https:\/\/www.culturalvila-seca.cat\/cobladelcomu\/wp-json\/wp\/v2\/comments?post=10"}],"version-history":[{"count":8,"href":"https:\/\/www.culturalvila-seca.cat\/cobladelcomu\/wp-json\/wp\/v2\/pages\/10\/revisions"}],"predecessor-version":[{"id":71,"href":"https:\/\/www.culturalvila-seca.cat\/cobladelcomu\/wp-json\/wp\/v2\/pages\/10\/revisions\/71"}],"wp:attachment":[{"href":"https:\/\/www.culturalvila-seca.cat\/cobladelcomu\/wp-json\/wp\/v2\/media?parent=10"}],"curies":[{"name":"wp","href":"https:\/\/api.w.org\/{rel}","templated":true}]}}

Història

<div class="wp-block-group alignfull block_skew intro_pagina"><div class="wp-block-group__inner-container is-layout-flow wp-block-group-is-layout-flow"><h1>Història</h1>



<p></p>
</div></div>



<h2 class="wp-block-heading">Cobla Antiga del Comú</h2>



<p>La Cobla Antiga del Comú és una formació que es va crear l’any 2007 i es va estrenar pel seguici del 2008, per Sant Antoni. Aquest fou el primer seguici que participà a la Festa Major de Sant Antoni de Vila-seca, impulsat des de l’Agrupació Cultural.</p>



<figure class="wp-block-gallery columns-3 is-cropped wp-block-gallery-1 is-layout-flex wp-block-gallery-is-layout-flex"><ul class="blocks-gallery-grid"><li class="blocks-gallery-item"><figure><a href="https://www.culturalvila-seca.cat/cobladelcomu/wp-content/uploads/sites/7/2020/07/Seguici-agost-2017-scaled.jpg"><img loading="lazy" decoding="async" width="1024" height="576" src="https://www.culturalvila-seca.cat/cobladelcomu/wp-content/uploads/sites/7/2020/07/Seguici-agost-2017-1024x576.jpg" alt="" data-id="47" data-full-url="https://www.culturalvila-seca.cat/cobladelcomu/wp-content/uploads/sites/7/2020/07/Seguici-agost-2017-scaled.jpg" data-link="https://www.culturalvila-seca.cat/cobladelcomu/historia/seguici-agost-2017/" class="wp-image-47" srcset="https://www.culturalvila-seca.cat/cobladelcomu/wp-content/uploads/sites/7/2020/07/Seguici-agost-2017-1024x576.jpg 1024w, https://www.culturalvila-seca.cat/cobladelcomu/wp-content/uploads/sites/7/2020/07/Seguici-agost-2017-300x169.jpg 300w, https://www.culturalvila-seca.cat/cobladelcomu/wp-content/uploads/sites/7/2020/07/Seguici-agost-2017-768x432.jpg 768w, https://www.culturalvila-seca.cat/cobladelcomu/wp-content/uploads/sites/7/2020/07/Seguici-agost-2017-1536x864.jpg 1536w, https://www.culturalvila-seca.cat/cobladelcomu/wp-content/uploads/sites/7/2020/07/Seguici-agost-2017-2048x1152.jpg 2048w" sizes="auto, (max-width: 1024px) 100vw, 1024px" /></a></figure></li><li class="blocks-gallery-item"><figure><a href="https://www.culturalvila-seca.cat/cobladelcomu/wp-content/uploads/sites/7/2020/07/Seguici-agost-2019-scaled.jpg"><img loading="lazy" decoding="async" width="1024" height="768" src="https://www.culturalvila-seca.cat/cobladelcomu/wp-content/uploads/sites/7/2020/07/Seguici-agost-2019-1024x768.jpg" alt="" data-id="48" data-full-url="https://www.culturalvila-seca.cat/cobladelcomu/wp-content/uploads/sites/7/2020/07/Seguici-agost-2019-scaled.jpg" data-link="https://www.culturalvila-seca.cat/cobladelcomu/historia/seguici-agost-2019/" class="wp-image-48" srcset="https://www.culturalvila-seca.cat/cobladelcomu/wp-content/uploads/sites/7/2020/07/Seguici-agost-2019-1024x768.jpg 1024w, https://www.culturalvila-seca.cat/cobladelcomu/wp-content/uploads/sites/7/2020/07/Seguici-agost-2019-300x225.jpg 300w, https://www.culturalvila-seca.cat/cobladelcomu/wp-content/uploads/sites/7/2020/07/Seguici-agost-2019-768x576.jpg 768w, https://www.culturalvila-seca.cat/cobladelcomu/wp-content/uploads/sites/7/2020/07/Seguici-agost-2019-1536x1152.jpg 1536w, https://www.culturalvila-seca.cat/cobladelcomu/wp-content/uploads/sites/7/2020/07/Seguici-agost-2019-2048x1536.jpg 2048w" sizes="auto, (max-width: 1024px) 100vw, 1024px" /></a></figure></li><li class="blocks-gallery-item"><figure><a href="https://www.culturalvila-seca.cat/cobladelcomu/wp-content/uploads/sites/7/2020/07/Seguici-gener-2019-scaled.jpg"><img loading="lazy" decoding="async" width="1024" height="768" src="https://www.culturalvila-seca.cat/cobladelcomu/wp-content/uploads/sites/7/2020/07/Seguici-gener-2019-1024x768.jpg" alt="" data-id="49" data-full-url="https://www.culturalvila-seca.cat/cobladelcomu/wp-content/uploads/sites/7/2020/07/Seguici-gener-2019-scaled.jpg" data-link="https://www.culturalvila-seca.cat/cobladelcomu/historia/seguici-gener-2019/" class="wp-image-49" srcset="https://www.culturalvila-seca.cat/cobladelcomu/wp-content/uploads/sites/7/2020/07/Seguici-gener-2019-1024x768.jpg 1024w, https://www.culturalvila-seca.cat/cobladelcomu/wp-content/uploads/sites/7/2020/07/Seguici-gener-2019-300x225.jpg 300w, https://www.culturalvila-seca.cat/cobladelcomu/wp-content/uploads/sites/7/2020/07/Seguici-gener-2019-768x576.jpg 768w, https://www.culturalvila-seca.cat/cobladelcomu/wp-content/uploads/sites/7/2020/07/Seguici-gener-2019-1536x1152.jpg 1536w, https://www.culturalvila-seca.cat/cobladelcomu/wp-content/uploads/sites/7/2020/07/Seguici-gener-2019-2048x1536.jpg 2048w" sizes="auto, (max-width: 1024px) 100vw, 1024px" /></a></figure></li></ul></figure>



<figure class="wp-block-image size-large is-style-rounded credit_autor"><img loading="lazy" decoding="async" width="400" height="400" src="https://www.culturalvila-seca.cat/cobladelcomu/wp-content/uploads/sites/7/2020/07/ezequielMolina.jpg" alt="" class="wp-image-53" srcset="https://www.culturalvila-seca.cat/cobladelcomu/wp-content/uploads/sites/7/2020/07/ezequielMolina.jpg 400w, https://www.culturalvila-seca.cat/cobladelcomu/wp-content/uploads/sites/7/2020/07/ezequielMolina-300x300.jpg 300w, https://www.culturalvila-seca.cat/cobladelcomu/wp-content/uploads/sites/7/2020/07/ezequielMolina-150x150.jpg 150w" sizes="auto, (max-width: 400px) 100vw, 400px" /><figcaption><strong>Ezequiel Molina Pino</strong><br>President de la Cobla Antiga del Comú</figcaption></figure>



<p></p>

<p>Cobla Antiga del Comú La Cobla Antiga del Comú és una formació que es va crear l’any 2007 i es va estrenar pel seguici del 2008, per Sant Antoni. Aquest fou el primer seguici que participà a la Festa Major de Sant Antoni de Vila-seca, impulsat des de l’Agrupació Cultural.</p>
