{"id":124,"date":"2020-08-20T18:48:48","date_gmt":"2020-08-20T16:48:48","guid":{"rendered":"https:\/\/www.culturalvila-seca.cat\/esbart\/?page_id=124"},"modified":"2020-09-02T17:39:11","modified_gmt":"2020-09-02T15:39:11","slug":"larxiu-del-mestre-josep-bargallo","status":"publish","type":"page","link":"https:\/\/www.culturalvila-seca.cat\/esbart\/larxiu-del-mestre-josep-bargallo\/","title":{"rendered":"L&#8217;Arxiu de danses"},"content":{"rendered":"\n<div class=\"wp-block-group alignfull block_skew intro_pagina\"><div class=\"wp-block-group__inner-container is-layout-flow wp-block-group-is-layout-flow\"><h1>L&#8217;Arxiu de danses<\/h1>\n<\/div><\/div>\n\n\n\n<p><\/p>\n\n\n\n<p>BIOGRAFIA DEL MESTRE JOSEP BARGALL\u00d3 <\/p>\n\n\n\n<div class=\"wp-block-group\"><div class=\"wp-block-group__inner-container is-layout-flow wp-block-group-is-layout-flow\">\n<p>El mestre Josep Bargall\u00f3 i Badia es dedic\u00e0 a la recerca de danses des de 1952. El seu arxiu compta amb m\u00e9s de 2000 Ballets i danses Tradicionals d\u2019arreu de Catalunya, partitures, historial i gr\u00e0fics de les danses, a m\u00e9s del vestuari i estris. Tamb\u00e9 es dedic\u00e0 a realitzar publicacions de llibres i CD s, registres de m\u00fasica i v\u00eddeos, pel\u2022l\u00edcules de 8 m\/m, D V D s, i fotografies.                                                                                                                                                                <strong>1931<\/strong> Neix a Reus a la pla\u00e7a Mercadal el dia 5 de novembre.                                                                                                                                                                    <strong>1949<\/strong> Comen\u00e7a a ballar a l&#8217;Esbart Montserrat del Centre de Lectura de Reus, sota la direcci\u00f3 de&nbsp; Na Adelina Tar\u00e9s de Corbella i Maria Forcada Sitj\u00e0 &#8220;la senyora Maria dels ballets&#8221;.                                                                                                                                                                                                                              <strong>1950<\/strong> \u00c9s seleccionat &#8220;Coros y Danzas de Espa\u00f1a&#8221; com a dansaire per anar ultramar Cuba actuant en moltes poblacions &nbsp;com: Havana, Cienfuegos, Cardenas, Matanzas, Camag\u00fcey, Varaderoe entre altres.                                                                                                                                                                            <strong>1951<\/strong> \u00c9s nomenat director de l&#8217;Esbart Infantil de l&#8217;Esbart Montserrat                                                                                                                                                    <strong>1956<\/strong> \u00c9s nomenat Director de l&#8217;Esbart Amics del Folklore del Bravium A. C. de Reus.                                                                                                                     <strong>1957<\/strong> Director i Fundador de l&#8217;Esbart Esplai de Joventut del Casal Montblanqu\u00ed de Montblanc. Junt amb el mestre Joan Comas i Vicens de Barcelona es recullen els balls de bastons i al Ball de Nans de Montblanc. <strong>1958<\/strong> Director i fundador del Grup de Danses del Casal Riudomenc de Riudoms. Recull el Ball de Coques i la Bolangera.                                            <strong>1959<\/strong> Director i fundador del Grup de Danses de la Sala Parroquial de Mont-roig del Camp.&nbsp; Recull El ball de Coques.                                                            <strong>1961<\/strong> Crea el Grup de Bastoners d&#8217;Alcover. Recull el Ball de Pastorets, el Ball de les Gitanes i el Ball de Serrallonga.                                                               <strong>1972<\/strong> Director i Fundador de l&#8217;Esbart Catalunya Dansa de Reus.                  <strong>1973<\/strong> Comen\u00e7a el recull de les danses de festa major de Reus. Ball de les Gitanes, Ball de Moss\u00e8n Joan de Vic, Ball de Valencians, Ball de Cercolets, Ball de Cavallets, Ball dels Prims, Ball dels 12 mesos, Ball de la Mare de D\u00e9u, o de l&#8217;Aparici\u00f3, Ball de la Pastoreta. Ball de Pastorets, Ball de Galeres i la Moixiganga.                                                                                                             <strong>1976<\/strong> Director i fundador de l&#8217;Esbart Ramon d&#8217;Olzina de Vila-seca.              <strong>1980<\/strong> Comen\u00e7a el treball de Camp pel recull de les danses de les comarques de Tarragona: Priorat Ribera d&#8217;Ebre, Baix Ebre, Montsi\u00e0 i la Terra Alta. Aquest treballs son becats pel Centre de Documentaci\u00f3 i Recerca de la Cultura Tradicional i Popular de la Generalitat de Catalunya.                          <strong>1981<\/strong> Presentaci\u00f3 de les Danses de Reus en un festival a la pla\u00e7a del Castell amb col\u00b7laboraci\u00f3 dels Esbarts Amics del Folklore i Ramon d&#8217;Olzina de Vila-seca.                                                                                                                            <strong>1983<\/strong> Es anomenat Director de l&#8217;Esbart Sant Gregori de Falset on segueix fins la seva dissoluci\u00f3.                                                                                                   <strong>1985<\/strong> Finalitza el recull anterior i comen\u00e7a les comarques del Baix Pened\u00e8s, Tarragon\u00e8s, Alt Camp i Conca de Barber\u00e0.                                                        <strong>1990<\/strong> En el llibre &#8220;Recull de Folklore del Montsant &#8211; Serra de Prades&#8221; pel col\u00b7lectiu de mestres, hi consta un cap\u00edtol dedicat a les danses recollides en aquelles terres, fruit del treball de recerca del autor .                                    <strong>1991<\/strong> La Diputaci\u00f3 de Tarragona comen\u00e7a a editar: &#8220;Balls i Danses de les Comarques de Tarragona&#8221; el primer Volum &#8220;El Priorat&#8221;.                                <strong>1992<\/strong> Segueix Volum II. dedicat a la &#8220;La Ribera de d&#8217;Ebre i la Terra Alta&#8221;. <strong>1992<\/strong> Publicaci\u00f3 del llibre &#8220;Restauraci\u00f3 de les Danses Tradicionals de Reus&#8221; a c\u00e0rrec de la Caixa del Pened\u00e8s.                                                                             <strong>1994<\/strong> Volum III. aplega les comarques del &#8220;Baix Ebre i Montsi\u00e0&#8221;.                    <strong>1998<\/strong> Restauraci\u00f3 del Contrap\u00e0s Llarg de l&#8217;Empord\u00e0 &#8220;el Divino&#8221; a Palafrugell. Amb col\u00b7laboraci\u00f3 de la senyora Eul\u00e0lia Hortal i Brugu\u00e9s.                                   <strong>1999<\/strong> Volum IV. descriu la&nbsp; comarca del &#8220;Baix Camp&#8221;                                                            <strong>1999 <\/strong>Comen\u00e7a el treball de Camp de recerca de les Danses del Baix Empord\u00e0, tamb\u00e9 amb col\u00b7laboraci\u00f3 de la senyora Eul\u00e0lia Hortal i Brugu\u00e9s. <strong>2005<\/strong> Apareix el llibre Danses i Costums del Baix Empord\u00e0., conjuntament amb Eul\u00e0lia Hortal editada per &#8220;Quaderns de les 7 Sivelles&#8221;.                                   <strong>2005<\/strong> En aquest any surt a la llum el Volum V. dedicat a les comarques. &#8220;Alt Camp i Conca de Barber\u00e0&#8221;.                                                                                        <strong>2009<\/strong> VI Volum dedicat a les comarques del &#8221; Tarragon\u00e8s i Baix Pened\u00e8s&#8221; Amb aquest darrer volum que complerta la col\u00b7lecci\u00f3 de les comarques de Tarragona. Editades per la Diputaci\u00f3 de Tarragona.                                         <strong>2014<\/strong> Reedita volum I .&#8221;El Priorat&#8221; corregda i augmentada.                                                      <strong>2015 Traspass\u00e0 el 15 de juny als 83 anys. <\/strong><\/p>\n\n\n\n<p><\/p>\n\n\n\n<div class=\"wp-block-file\"><a href=\"https:\/\/www.culturalvila-seca.cat\/esbart\/wp-content\/uploads\/sites\/9\/2020\/08\/Llistat-de-danses.pdf\">Llistat-de-danses<\/a><a href=\"https:\/\/www.culturalvila-seca.cat\/esbart\/wp-content\/uploads\/sites\/9\/2020\/08\/Llistat-de-danses.pdf\" class=\"wp-block-file__button\" download>Baixa<\/a><\/div>\n\n\n\n<p><\/p>\n\n\n\n<p><\/p>\n\n\n\n<p><\/p>\n\n\n\n<p><\/p>\n<\/div><\/div>\n\n\n\n<p><\/p>\n\n\n\n<p><\/p>\n\n\n\n<div class=\"wp-block-group is-layout-flow wp-block-group-is-layout-flow\"><div class=\"wp-block-group__inner-container\"><\/div><\/div>\n\n\n\n<p><\/p>\n","protected":false},"excerpt":{"rendered":"<p>BIOGRAFIA DEL MESTRE JOSEP BARGALL\u00d3 El mestre Josep Bargall\u00f3 i Badia es dedic\u00e0 a la recerca de danses des de 1952. El seu arxiu compta amb m\u00e9s de 2000 Ballets i danses Tradicionals d\u2019arreu de Catalunya, partitures, historial i gr\u00e0fics de les danses, a m\u00e9s del vestuari i estris. Tamb\u00e9 es dedic\u00e0 a realitzar publicacions [&hellip;]<\/p>\n","protected":false},"author":7,"featured_media":0,"parent":0,"menu_order":0,"comment_status":"closed","ping_status":"closed","template":"","meta":{"_acf_changed":false,"footnotes":""},"class_list":["post-124","page","type-page","status-publish","hentry"],"acf":[],"_links":{"self":[{"href":"https:\/\/www.culturalvila-seca.cat\/esbart\/wp-json\/wp\/v2\/pages\/124","targetHints":{"allow":["GET"]}}],"collection":[{"href":"https:\/\/www.culturalvila-seca.cat\/esbart\/wp-json\/wp\/v2\/pages"}],"about":[{"href":"https:\/\/www.culturalvila-seca.cat\/esbart\/wp-json\/wp\/v2\/types\/page"}],"author":[{"embeddable":true,"href":"https:\/\/www.culturalvila-seca.cat\/esbart\/wp-json\/wp\/v2\/users\/7"}],"replies":[{"embeddable":true,"href":"https:\/\/www.culturalvila-seca.cat\/esbart\/wp-json\/wp\/v2\/comments?post=124"}],"version-history":[{"count":8,"href":"https:\/\/www.culturalvila-seca.cat\/esbart\/wp-json\/wp\/v2\/pages\/124\/revisions"}],"predecessor-version":[{"id":154,"href":"https:\/\/www.culturalvila-seca.cat\/esbart\/wp-json\/wp\/v2\/pages\/124\/revisions\/154"}],"wp:attachment":[{"href":"https:\/\/www.culturalvila-seca.cat\/esbart\/wp-json\/wp\/v2\/media?parent=124"}],"curies":[{"name":"wp","href":"https:\/\/api.w.org\/{rel}","templated":true}]}}

<div class="wp-block-group alignfull block_skew intro_pagina"><div class="wp-block-group__inner-container is-layout-flow wp-block-group-is-layout-flow"><h1>L&#8217;Arxiu de danses</h1>
</div></div>



<p></p>



<p>BIOGRAFIA DEL MESTRE JOSEP BARGALLÓ </p>



<div class="wp-block-group"><div class="wp-block-group__inner-container is-layout-flow wp-block-group-is-layout-flow">
<p>El mestre Josep Bargalló i Badia es dedicà a la recerca de danses des de 1952. El seu arxiu compta amb més de 2000 Ballets i danses Tradicionals d’arreu de Catalunya, partitures, historial i gràfics de les danses, a més del vestuari i estris. També es dedicà a realitzar publicacions de llibres i CD s, registres de música i vídeos, pel•lícules de 8 m/m, D V D s, i fotografies.                                                                                                                                                                <strong>1931</strong> Neix a Reus a la plaça Mercadal el dia 5 de novembre.                                                                                                                                                                    <strong>1949</strong> Comença a ballar a l&#8217;Esbart Montserrat del Centre de Lectura de Reus, sota la direcció de&nbsp; Na Adelina Tarés de Corbella i Maria Forcada Sitjà &#8220;la senyora Maria dels ballets&#8221;.                                                                                                                                                                                                                              <strong>1950</strong> És seleccionat &#8220;Coros y Danzas de España&#8221; com a dansaire per anar ultramar Cuba actuant en moltes poblacions &nbsp;com: Havana, Cienfuegos, Cardenas, Matanzas, Camagüey, Varaderoe entre altres.                                                                                                                                                                            <strong>1951</strong> És nomenat director de l&#8217;Esbart Infantil de l&#8217;Esbart Montserrat                                                                                                                                                    <strong>1956</strong> És nomenat Director de l&#8217;Esbart Amics del Folklore del Bravium A. C. de Reus.                                                                                                                     <strong>1957</strong> Director i Fundador de l&#8217;Esbart Esplai de Joventut del Casal Montblanquí de Montblanc. Junt amb el mestre Joan Comas i Vicens de Barcelona es recullen els balls de bastons i al Ball de Nans de Montblanc. <strong>1958</strong> Director i fundador del Grup de Danses del Casal Riudomenc de Riudoms. Recull el Ball de Coques i la Bolangera.                                            <strong>1959</strong> Director i fundador del Grup de Danses de la Sala Parroquial de Mont-roig del Camp.&nbsp; Recull El ball de Coques.                                                            <strong>1961</strong> Crea el Grup de Bastoners d&#8217;Alcover. Recull el Ball de Pastorets, el Ball de les Gitanes i el Ball de Serrallonga.                                                               <strong>1972</strong> Director i Fundador de l&#8217;Esbart Catalunya Dansa de Reus.                  <strong>1973</strong> Comença el recull de les danses de festa major de Reus. Ball de les Gitanes, Ball de Mossèn Joan de Vic, Ball de Valencians, Ball de Cercolets, Ball de Cavallets, Ball dels Prims, Ball dels 12 mesos, Ball de la Mare de Déu, o de l&#8217;Aparició, Ball de la Pastoreta. Ball de Pastorets, Ball de Galeres i la Moixiganga.                                                                                                             <strong>1976</strong> Director i fundador de l&#8217;Esbart Ramon d&#8217;Olzina de Vila-seca.              <strong>1980</strong> Comença el treball de Camp pel recull de les danses de les comarques de Tarragona: Priorat Ribera d&#8217;Ebre, Baix Ebre, Montsià i la Terra Alta. Aquest treballs son becats pel Centre de Documentació i Recerca de la Cultura Tradicional i Popular de la Generalitat de Catalunya.                          <strong>1981</strong> Presentació de les Danses de Reus en un festival a la plaça del Castell amb col·laboració dels Esbarts Amics del Folklore i Ramon d&#8217;Olzina de Vila-seca.                                                                                                                            <strong>1983</strong> Es anomenat Director de l&#8217;Esbart Sant Gregori de Falset on segueix fins la seva dissolució.                                                                                                   <strong>1985</strong> Finalitza el recull anterior i comença les comarques del Baix Penedès, Tarragonès, Alt Camp i Conca de Barberà.                                                        <strong>1990</strong> En el llibre &#8220;Recull de Folklore del Montsant &#8211; Serra de Prades&#8221; pel col·lectiu de mestres, hi consta un capítol dedicat a les danses recollides en aquelles terres, fruit del treball de recerca del autor .                                    <strong>1991</strong> La Diputació de Tarragona comença a editar: &#8220;Balls i Danses de les Comarques de Tarragona&#8221; el primer Volum &#8220;El Priorat&#8221;.                                <strong>1992</strong> Segueix Volum II. dedicat a la &#8220;La Ribera de d&#8217;Ebre i la Terra Alta&#8221;. <strong>1992</strong> Publicació del llibre &#8220;Restauració de les Danses Tradicionals de Reus&#8221; a càrrec de la Caixa del Penedès.                                                                             <strong>1994</strong> Volum III. aplega les comarques del &#8220;Baix Ebre i Montsià&#8221;.                    <strong>1998</strong> Restauració del Contrapàs Llarg de l&#8217;Empordà &#8220;el Divino&#8221; a Palafrugell. Amb col·laboració de la senyora Eulàlia Hortal i Brugués.                                   <strong>1999</strong> Volum IV. descriu la&nbsp; comarca del &#8220;Baix Camp&#8221;                                                            <strong>1999 </strong>Comença el treball de Camp de recerca de les Danses del Baix Empordà, també amb col·laboració de la senyora Eulàlia Hortal i Brugués. <strong>2005</strong> Apareix el llibre Danses i Costums del Baix Empordà., conjuntament amb Eulàlia Hortal editada per &#8220;Quaderns de les 7 Sivelles&#8221;.                                   <strong>2005</strong> En aquest any surt a la llum el Volum V. dedicat a les comarques. &#8220;Alt Camp i Conca de Barberà&#8221;.                                                                                        <strong>2009</strong> VI Volum dedicat a les comarques del &#8221; Tarragonès i Baix Penedès&#8221; Amb aquest darrer volum que complerta la col·lecció de les comarques de Tarragona. Editades per la Diputació de Tarragona.                                         <strong>2014</strong> Reedita volum I .&#8221;El Priorat&#8221; corregda i augmentada.                                                      <strong>2015 Traspassà el 15 de juny als 83 anys. </strong></p>



<p></p>



<div class="wp-block-file"><a href="https://www.culturalvila-seca.cat/esbart/wp-content/uploads/sites/9/2020/08/Llistat-de-danses.pdf">Llistat-de-danses</a><a href="https://www.culturalvila-seca.cat/esbart/wp-content/uploads/sites/9/2020/08/Llistat-de-danses.pdf" class="wp-block-file__button" download>Baixa</a></div>



<p></p>



<p></p>



<p></p>



<p></p>
</div></div>



<p></p>



<p></p>



<div class="wp-block-group is-layout-flow wp-block-group-is-layout-flow"><div class="wp-block-group__inner-container"></div></div>



<p></p>

<p>BIOGRAFIA DEL MESTRE JOSEP BARGALLÓ El mestre Josep Bargalló i Badia es dedicà a la recerca de danses des de 1952. El seu arxiu compta amb més de 2000 Ballets i danses Tradicionals d’arreu de Catalunya, partitures, historial i gràfics de les danses, a més del vestuari i estris. També es dedicà a realitzar publicacions [&hellip;]</p>
