{"id":8,"date":"2020-07-11T18:50:55","date_gmt":"2020-07-11T16:50:55","guid":{"rendered":"https:\/\/www.culturalvila-seca.cat\/esbart\/?page_id=8"},"modified":"2020-09-02T17:40:10","modified_gmt":"2020-09-02T15:40:10","slug":"presentacio","status":"publish","type":"page","link":"https:\/\/www.culturalvila-seca.cat\/esbart\/presentacio\/","title":{"rendered":"Presentaci\u00f3"},"content":{"rendered":"\n<div class=\"wp-block-group alignfull block_skew intro_pagina\"><div class=\"wp-block-group__inner-container is-layout-flow wp-block-group-is-layout-flow\"><h1>Presentaci\u00f3<\/h1>\n\n\n\n<p>Som una secci\u00f3 dedicada a la dansa tradicional catalana. El nostre objectiu \u00e9s difondre les danses que anteriorment es van crear i que avui dia les tenim documentades i enregistrades, gr\u00e0cies al nostre fundador i anterior director, Josep Bargall\u00f3 i Badia.<\/p>\n<\/div><\/div>\n\n\n\n<h2 class=\"wp-block-heading\">Estimem les nostres tradicions<\/h2>\n\n\n\n<p>L\u2019Esbart est\u00e0 compost per unes 60 persones amb edats molt diferents, aix\u00f2 fa que es crein espais intergeneracionals on els m\u00e9s petits es nodreixin dels m\u00e9s grans i aquest aprenen les noves formes de fer dels joves . Per tal de poder gestionar totes les edats estem distribu\u00efts en diferents franges d\u2019edat. La persona que ens transmet els seus coneixements en el m\u00f3n de la dansa tradicional i ens guia amb les coreografies \u00e9s la Gemma Soler, recolzada amb el David Melero amb els m\u00e9s petits i com assessor en danses catalanes tenim a Josep Gim\u00e9nez.<\/p>\n\n\n\n<figure class=\"wp-block-embed-youtube wp-block-embed is-type-video is-provider-youtube wp-embed-aspect-16-9 wp-has-aspect-ratio\"><div class=\"wp-block-embed__wrapper\">\n<iframe loading=\"lazy\" title=\"Balls i Danses de Mallorca interpretats per l&#039;Esbart Ramon d&#039;Olzina de Vila-seca\" width=\"640\" height=\"360\" src=\"https:\/\/www.youtube.com\/embed\/BeCfcl1XxxQ?feature=oembed\" frameborder=\"0\" allow=\"accelerometer; autoplay; clipboard-write; encrypted-media; gyroscope; picture-in-picture; web-share\" referrerpolicy=\"strict-origin-when-cross-origin\" allowfullscreen><\/iframe>\n<\/div><figcaption>Balls i danses de Mallorca. Filmaci\u00f3: David Melero<\/figcaption><\/figure>\n\n\n\n<h3 class=\"wp-block-heading\">Valors de colla<\/h3>\n\n\n\n<p>Dins de l\u2019Esbart no solament s\u2019apr\u00e8n a puntejar, desenvolupar coreografies, dur un vestuari adequat per cada ball\u2026 Existeixen una s\u00e8rie de valors que hem anat adquirint, transmetent els uns als altres i adaptant a cada \u00e8poca. Aprendre a estimar les nostres tradicions i participar activament d\u2019elles, la solidaritat i la companyonia amb el grup, l\u2019esperit de voler fer cr\u00e9ixer entre tots el grup, \u2026 aquests s\u00f3n uns dels valors que es poden veure reflectits tant els assajos, com a les actuacions, com al dia a dia de l\u2019entitat.<\/p>\n\n\n\n<figure class=\"wp-block-embed-youtube wp-block-embed is-type-video is-provider-youtube wp-embed-aspect-16-9 wp-has-aspect-ratio\"><div class=\"wp-block-embed__wrapper\">\n<iframe loading=\"lazy\" title=\"Ball de valencians de Vila-seca.\" width=\"640\" height=\"360\" src=\"https:\/\/www.youtube.com\/embed\/idFgMlMluHc?feature=oembed\" frameborder=\"0\" allow=\"accelerometer; autoplay; clipboard-write; encrypted-media; gyroscope; picture-in-picture; web-share\" referrerpolicy=\"strict-origin-when-cross-origin\" allowfullscreen><\/iframe>\n<\/div><figcaption>Ball de Valencians de Vila-seca<\/figcaption><\/figure>\n\n\n\n<p>Al llarg de la hist\u00f2ria de l\u2019Esbart hem pogut participar no solament a les activitats i festes de Vila-seca sin\u00f3 tamb\u00e9 fora del territori com podrien ser actuacions per Cant\u00e0bria, M\u00farcia,Val\u00e8ncia, fins i tot per Europa a Fran\u00e7a, R\u00fassia, Litu\u00e0nia, Praga, Pol\u00f2nia&#8230;. Realitzem actuacions, trobades d\u2019esbarts, trobades de bastons, intercanvis, acompanyaments, \u2026 cada lloc visitat hem volgut transmetre quina \u00e9s la nostre cultura i hem intercanviat experi\u00e8ncies i aprenentatges en cada grup visitat.<\/p>\n\n\n\n<h3 class=\"wp-block-heading\">Com ens organitzem<\/h3>\n\n\n\n<p>A banda de la gesti\u00f3 art\u00edstica del grup tenim un conjunt de persones que s\u2019encarreguen de la gesti\u00f3 i del funcionament de la secci\u00f3. Ells s\u00f3n: Gemma Barcel\u00f3 com a sots presidenta, Abd\u00f3 Barcel\u00f3 com a secretari, Ana R com a tresorera, Ester Fonts i M\u00f2nica Pujals amb el vestuari i com a vocal a Josias Puig. Gr\u00e0cies a la seva tasca i a la coordinaci\u00f3 fan que entre tots puguem seguir les l\u00ednies i objectius que ens anem proposant.<\/p>\n\n\n\n<p>Si us agrada ballar, fer amics, divertir-vos i con\u00e8ixer la nostres tradicions, aquesta \u00e9s l\u2019entitat que busqueu. Us animem a coneixen&#8217;ns i a participar.<\/p>\n\n\n\n<figure class=\"wp-block-image size-large is-style-rounded credit_autor\"><img loading=\"lazy\" decoding=\"async\" width=\"768\" height=\"1024\" src=\"https:\/\/www.culturalvila-seca.cat\/esbart\/wp-content\/uploads\/sites\/9\/2020\/08\/2020_08_22_061053.png\" alt=\"\" class=\"wp-image-131\" srcset=\"https:\/\/www.culturalvila-seca.cat\/esbart\/wp-content\/uploads\/sites\/9\/2020\/08\/2020_08_22_061053.png 768w, https:\/\/www.culturalvila-seca.cat\/esbart\/wp-content\/uploads\/sites\/9\/2020\/08\/2020_08_22_061053-225x300.png 225w\" sizes=\"auto, (max-width: 768px) 100vw, 768px\" \/><figcaption><strong>Maria del Mar Melero Dom\u00e8nech<\/strong><br>Presidenta de l\u2019Esbart Dansaire Ramon d\u2019Olzina<\/figcaption><\/figure>\n\n\n\n<p><\/p>\n","protected":false},"excerpt":{"rendered":"<p>Som una secci\u00f3 dedicada a la dansa tradicional catalana. El nostre objectiu \u00e9s difondre les danses que anteriorment es van crear i que avui dia les tenim documentades i enregistrades, gr\u00e0cies al nostre fundador i anterior director, Josep Bargall\u00f3 i Badia. Estimem les nostres tradicions L\u2019Esbart est\u00e0 compost per unes 60 persones amb edats molt [&hellip;]<\/p>\n","protected":false},"author":1,"featured_media":0,"parent":0,"menu_order":0,"comment_status":"closed","ping_status":"closed","template":"","meta":{"_acf_changed":false,"footnotes":""},"class_list":["post-8","page","type-page","status-publish","hentry"],"acf":[],"_links":{"self":[{"href":"https:\/\/www.culturalvila-seca.cat\/esbart\/wp-json\/wp\/v2\/pages\/8","targetHints":{"allow":["GET"]}}],"collection":[{"href":"https:\/\/www.culturalvila-seca.cat\/esbart\/wp-json\/wp\/v2\/pages"}],"about":[{"href":"https:\/\/www.culturalvila-seca.cat\/esbart\/wp-json\/wp\/v2\/types\/page"}],"author":[{"embeddable":true,"href":"https:\/\/www.culturalvila-seca.cat\/esbart\/wp-json\/wp\/v2\/users\/1"}],"replies":[{"embeddable":true,"href":"https:\/\/www.culturalvila-seca.cat\/esbart\/wp-json\/wp\/v2\/comments?post=8"}],"version-history":[{"count":13,"href":"https:\/\/www.culturalvila-seca.cat\/esbart\/wp-json\/wp\/v2\/pages\/8\/revisions"}],"predecessor-version":[{"id":155,"href":"https:\/\/www.culturalvila-seca.cat\/esbart\/wp-json\/wp\/v2\/pages\/8\/revisions\/155"}],"wp:attachment":[{"href":"https:\/\/www.culturalvila-seca.cat\/esbart\/wp-json\/wp\/v2\/media?parent=8"}],"curies":[{"name":"wp","href":"https:\/\/api.w.org\/{rel}","templated":true}]}}

Presentació

<div class="wp-block-group alignfull block_skew intro_pagina"><div class="wp-block-group__inner-container is-layout-flow wp-block-group-is-layout-flow"><h1>Presentació</h1>



<p>Som una secció dedicada a la dansa tradicional catalana. El nostre objectiu és difondre les danses que anteriorment es van crear i que avui dia les tenim documentades i enregistrades, gràcies al nostre fundador i anterior director, Josep Bargalló i Badia.</p>
</div></div>



<h2 class="wp-block-heading">Estimem les nostres tradicions</h2>



<p>L’Esbart està compost per unes 60 persones amb edats molt diferents, això fa que es crein espais intergeneracionals on els més petits es nodreixin dels més grans i aquest aprenen les noves formes de fer dels joves . Per tal de poder gestionar totes les edats estem distribuïts en diferents franges d’edat. La persona que ens transmet els seus coneixements en el món de la dansa tradicional i ens guia amb les coreografies és la Gemma Soler, recolzada amb el David Melero amb els més petits i com assessor en danses catalanes tenim a Josep Giménez.</p>



<figure class="wp-block-embed-youtube wp-block-embed is-type-video is-provider-youtube wp-embed-aspect-16-9 wp-has-aspect-ratio"><div class="wp-block-embed__wrapper">
<iframe loading="lazy" title="Balls i Danses de Mallorca interpretats per l&#039;Esbart Ramon d&#039;Olzina de Vila-seca" width="640" height="360" src="https://www.youtube.com/embed/BeCfcl1XxxQ?feature=oembed" frameborder="0" allow="accelerometer; autoplay; clipboard-write; encrypted-media; gyroscope; picture-in-picture; web-share" referrerpolicy="strict-origin-when-cross-origin" allowfullscreen></iframe>
</div><figcaption>Balls i danses de Mallorca. Filmació: David Melero</figcaption></figure>



<h3 class="wp-block-heading">Valors de colla</h3>



<p>Dins de l’Esbart no solament s’aprèn a puntejar, desenvolupar coreografies, dur un vestuari adequat per cada ball… Existeixen una sèrie de valors que hem anat adquirint, transmetent els uns als altres i adaptant a cada època. Aprendre a estimar les nostres tradicions i participar activament d’elles, la solidaritat i la companyonia amb el grup, l’esperit de voler fer créixer entre tots el grup, … aquests són uns dels valors que es poden veure reflectits tant els assajos, com a les actuacions, com al dia a dia de l’entitat.</p>



<figure class="wp-block-embed-youtube wp-block-embed is-type-video is-provider-youtube wp-embed-aspect-16-9 wp-has-aspect-ratio"><div class="wp-block-embed__wrapper">
<iframe loading="lazy" title="Ball de valencians de Vila-seca." width="640" height="360" src="https://www.youtube.com/embed/idFgMlMluHc?feature=oembed" frameborder="0" allow="accelerometer; autoplay; clipboard-write; encrypted-media; gyroscope; picture-in-picture; web-share" referrerpolicy="strict-origin-when-cross-origin" allowfullscreen></iframe>
</div><figcaption>Ball de Valencians de Vila-seca</figcaption></figure>



<p>Al llarg de la història de l’Esbart hem pogut participar no solament a les activitats i festes de Vila-seca sinó també fora del territori com podrien ser actuacions per Cantàbria, Múrcia,València, fins i tot per Europa a França, Rússia, Lituània, Praga, Polònia&#8230;. Realitzem actuacions, trobades d’esbarts, trobades de bastons, intercanvis, acompanyaments, … cada lloc visitat hem volgut transmetre quina és la nostre cultura i hem intercanviat experiències i aprenentatges en cada grup visitat.</p>



<h3 class="wp-block-heading">Com ens organitzem</h3>



<p>A banda de la gestió artística del grup tenim un conjunt de persones que s’encarreguen de la gestió i del funcionament de la secció. Ells són: Gemma Barceló com a sots presidenta, Abdó Barceló com a secretari, Ana R com a tresorera, Ester Fonts i Mònica Pujals amb el vestuari i com a vocal a Josias Puig. Gràcies a la seva tasca i a la coordinació fan que entre tots puguem seguir les línies i objectius que ens anem proposant.</p>



<p>Si us agrada ballar, fer amics, divertir-vos i conèixer la nostres tradicions, aquesta és l’entitat que busqueu. Us animem a coneixen&#8217;ns i a participar.</p>



<figure class="wp-block-image size-large is-style-rounded credit_autor"><img loading="lazy" decoding="async" width="768" height="1024" src="https://www.culturalvila-seca.cat/esbart/wp-content/uploads/sites/9/2020/08/2020_08_22_061053.png" alt="" class="wp-image-131" srcset="https://www.culturalvila-seca.cat/esbart/wp-content/uploads/sites/9/2020/08/2020_08_22_061053.png 768w, https://www.culturalvila-seca.cat/esbart/wp-content/uploads/sites/9/2020/08/2020_08_22_061053-225x300.png 225w" sizes="auto, (max-width: 768px) 100vw, 768px" /><figcaption><strong>Maria del Mar Melero Domènech</strong><br>Presidenta de l’Esbart Dansaire Ramon d’Olzina</figcaption></figure>



<p></p>

<p>Som una secció dedicada a la dansa tradicional catalana. El nostre objectiu és difondre les danses que anteriorment es van crear i que avui dia les tenim documentades i enregistrades, gràcies al nostre fundador i anterior director, Josep Bargalló i Badia. Estimem les nostres tradicions L’Esbart està compost per unes 60 persones amb edats molt [&hellip;]</p>
