{"id":6,"date":"2020-07-11T18:39:36","date_gmt":"2020-07-11T16:39:36","guid":{"rendered":"https:\/\/www.culturalvila-seca.cat\/novaunio\/?page_id=6"},"modified":"2020-08-18T18:39:07","modified_gmt":"2020-08-18T16:39:07","slug":"coral-nova-unio","status":"publish","type":"page","link":"https:\/\/www.culturalvila-seca.cat\/novaunio\/","title":{"rendered":"Coral Nova Uni\u00f3"},"content":{"rendered":"\n<div class=\"wp-block-group alignfull block_skew intro_subsite\"><div class=\"wp-block-group__inner-container is-layout-flow wp-block-group-is-layout-flow\"><h1>Coral Nova Uni\u00f3<\/h1>\n\n\n\n<h2 class=\"wp-block-heading\">Ens trobem per cantar, per gaudir de la m\u00fasica en un ambient acollidor <\/h2>\n<\/div><\/div>\n\n\n\n<div class=\"wp-block-columns block_cols img_left block_link extended is-layout-flex wp-container-core-columns-is-layout-9d6595d7 wp-block-columns-is-layout-flex\">\n<div class=\"wp-block-column is-layout-flow wp-block-column-is-layout-flow\" style=\"flex-basis:50%\">\n<figure class=\"wp-block-image size-large\"><img loading=\"lazy\" decoding=\"async\" width=\"1000\" height=\"1000\" src=\"https:\/\/www.culturalvila-seca.cat\/novaunio\/wp-content\/uploads\/sites\/8\/2020\/07\/novaunio-05.jpg\" alt=\"Concert de Sant Esteve\" class=\"wp-image-76\" srcset=\"https:\/\/www.culturalvila-seca.cat\/novaunio\/wp-content\/uploads\/sites\/8\/2020\/07\/novaunio-05.jpg 1000w, https:\/\/www.culturalvila-seca.cat\/novaunio\/wp-content\/uploads\/sites\/8\/2020\/07\/novaunio-05-300x300.jpg 300w, https:\/\/www.culturalvila-seca.cat\/novaunio\/wp-content\/uploads\/sites\/8\/2020\/07\/novaunio-05-150x150.jpg 150w, https:\/\/www.culturalvila-seca.cat\/novaunio\/wp-content\/uploads\/sites\/8\/2020\/07\/novaunio-05-768x768.jpg 768w\" sizes=\"auto, (max-width: 1000px) 100vw, 1000px\" \/><figcaption>Concert  de Sant Esteve<br>Fotografia: Fons Coral Nova Uni\u00f3<\/figcaption><\/figure>\n\n\n\n<p><\/p>\n<\/div>\n\n\n\n<div class=\"wp-block-column is-layout-flow wp-block-column-is-layout-flow\" style=\"flex-basis:50%\">\n<h2 class=\"wp-block-heading\">Dues fites clau en el nostre calendari<\/h2>\n\n\n\n<div class=\"wp-block-group\"><div class=\"wp-block-group__inner-container is-layout-flow wp-block-group-is-layout-flow\">\n<p>No faltem mai al concert de Sant Esteve i al de final de curs. Durant tot l&#8217;any fem diferents sortides i d&#8217;altres concerts.  <\/p>\n<\/div><\/div>\n\n\n\n<p><a href=\"https:\/\/www.culturalvila-seca.cat\/novaunio\/que-fem\/\">T&#8217;expliquem perqu\u00e8 ens agrada tan cantar<\/a><\/p>\n<\/div>\n<\/div>\n\n\n\n<div class=\"wp-block-group alignfull block_skew grey angle1 extended\"><div class=\"wp-block-group__inner-container is-layout-flow wp-block-group-is-layout-flow\">\n<h2 class=\"wp-block-heading\">Propers esdeveniments<\/h2>\n\n\n<section class=\"noticia_destacada\">\n<div class=\"wp-block-columns block_link block_noticia block_link extended  text_only\">\n\t<div class=\"wp-block-column text_noticia\">\n\t\n\t\t<div class=\"titol\">\n\t\t\t\t<h3>La Coral Nova Uni\u00f3 actua a Tarragona<\/h3>\n\t\t\t\t\t\t\t\t<\/div>\n\t\t<p>El proper 22 de juny la Coral Nova Uni\u00f3 presentar\u00e0 el seu espectacle &#8220;Un bri de llum&#8221; a l&#8217;Auditori de la Diputaci\u00f3 de Tarragona.<\/p>\n\t\t\n\t\t\n\t\t<p class=\"article_actions\">\n\t\t\n\t\t\t<a href=\"https:\/\/www.culturalvila-seca.cat\/novaunio\/actualitat\/la-coral-nova-unio-actua-a-tarragona\/\" >\n\t\t\t\t<i class=\"fas fa-chevron-right\"><\/i> Llegeix m\u00e9s\n\t\t\t<\/a>\n\t\t\t\t\t\t\t\t<\/p>\n\n\n\t<\/div>\n<\/div><\/section>\n<\/div><\/div>\n\n\n\n<div class=\"wp-block-columns block_cols img_right block_link extended is-layout-flex wp-container-core-columns-is-layout-9d6595d7 wp-block-columns-is-layout-flex\">\n<div class=\"wp-block-column is-layout-flow wp-block-column-is-layout-flow\" style=\"flex-basis:50%\">\n<h2 class=\"wp-block-heading\">La Coral Nova Uni\u00f3 nasqu\u00e9 l\u2019any 1972 <\/h2>\n\n\n\n<p>Han format part de la Coral molts homes i dones que ens han deixat una forta empremta. <\/p>\n\n\n\n<p><a href=\"https:\/\/www.culturalvila-seca.cat\/novaunio\/historia\/\">T&#8217;expliquem d&#8217;on venim<\/a><\/p>\n\n\n\n<p><\/p>\n<\/div>\n\n\n\n<div class=\"wp-block-column is-layout-flow wp-block-column-is-layout-flow\" style=\"flex-basis:50%\">\n<figure class=\"wp-block-image size-large\"><img loading=\"lazy\" decoding=\"async\" width=\"1000\" height=\"1000\" src=\"https:\/\/www.culturalvila-seca.cat\/novaunio\/wp-content\/uploads\/sites\/8\/2020\/07\/historia-portada-unio.jpg\" alt=\"Alguns cantants de la Coral Nova Uni\u00f3\" class=\"wp-image-65\" srcset=\"https:\/\/www.culturalvila-seca.cat\/novaunio\/wp-content\/uploads\/sites\/8\/2020\/07\/historia-portada-unio.jpg 1000w, https:\/\/www.culturalvila-seca.cat\/novaunio\/wp-content\/uploads\/sites\/8\/2020\/07\/historia-portada-unio-300x300.jpg 300w, https:\/\/www.culturalvila-seca.cat\/novaunio\/wp-content\/uploads\/sites\/8\/2020\/07\/historia-portada-unio-150x150.jpg 150w, https:\/\/www.culturalvila-seca.cat\/novaunio\/wp-content\/uploads\/sites\/8\/2020\/07\/historia-portada-unio-768x768.jpg 768w\" sizes=\"auto, (max-width: 1000px) 100vw, 1000px\" \/><\/figure>\n<\/div>\n<\/div>\n\n\n\n<p><\/p>\n","protected":false},"excerpt":{"rendered":"<p>Ens trobem per cantar, per gaudir de la m\u00fasica en un ambient acollidor Dues fites clau en el nostre calendari No faltem mai al concert de Sant Esteve i al de final de curs. Durant tot l&#8217;any fem diferents sortides i d&#8217;altres concerts. T&#8217;expliquem perqu\u00e8 ens agrada tan cantar Propers esdeveniments La Coral Nova Uni\u00f3 [&hellip;]<\/p>\n","protected":false},"author":1,"featured_media":73,"parent":0,"menu_order":0,"comment_status":"closed","ping_status":"closed","template":"template_portada_subsite.php","meta":{"_acf_changed":false,"footnotes":""},"class_list":["post-6","page","type-page","status-publish","has-post-thumbnail","hentry"],"acf":[],"_links":{"self":[{"href":"https:\/\/www.culturalvila-seca.cat\/novaunio\/wp-json\/wp\/v2\/pages\/6","targetHints":{"allow":["GET"]}}],"collection":[{"href":"https:\/\/www.culturalvila-seca.cat\/novaunio\/wp-json\/wp\/v2\/pages"}],"about":[{"href":"https:\/\/www.culturalvila-seca.cat\/novaunio\/wp-json\/wp\/v2\/types\/page"}],"author":[{"embeddable":true,"href":"https:\/\/www.culturalvila-seca.cat\/novaunio\/wp-json\/wp\/v2\/users\/1"}],"replies":[{"embeddable":true,"href":"https:\/\/www.culturalvila-seca.cat\/novaunio\/wp-json\/wp\/v2\/comments?post=6"}],"version-history":[{"count":22,"href":"https:\/\/www.culturalvila-seca.cat\/novaunio\/wp-json\/wp\/v2\/pages\/6\/revisions"}],"predecessor-version":[{"id":113,"href":"https:\/\/www.culturalvila-seca.cat\/novaunio\/wp-json\/wp\/v2\/pages\/6\/revisions\/113"}],"wp:featuredmedia":[{"embeddable":true,"href":"https:\/\/www.culturalvila-seca.cat\/novaunio\/wp-json\/wp\/v2\/media\/73"}],"wp:attachment":[{"href":"https:\/\/www.culturalvila-seca.cat\/novaunio\/wp-json\/wp\/v2\/media?parent=6"}],"curies":[{"name":"wp","href":"https:\/\/api.w.org\/{rel}","templated":true}]}}

Coral Nova Unió

<div class="wp-block-group alignfull block_skew intro_subsite"><div class="wp-block-group__inner-container is-layout-flow wp-block-group-is-layout-flow"><h1>Coral Nova Unió</h1>



<h2 class="wp-block-heading">Ens trobem per cantar, per gaudir de la música en un ambient acollidor </h2>
</div></div>



<div class="wp-block-columns block_cols img_left block_link extended is-layout-flex wp-container-core-columns-is-layout-9d6595d7 wp-block-columns-is-layout-flex">
<div class="wp-block-column is-layout-flow wp-block-column-is-layout-flow" style="flex-basis:50%">
<figure class="wp-block-image size-large"><img loading="lazy" decoding="async" width="1000" height="1000" src="https://www.culturalvila-seca.cat/novaunio/wp-content/uploads/sites/8/2020/07/novaunio-05.jpg" alt="Concert de Sant Esteve" class="wp-image-76" srcset="https://www.culturalvila-seca.cat/novaunio/wp-content/uploads/sites/8/2020/07/novaunio-05.jpg 1000w, https://www.culturalvila-seca.cat/novaunio/wp-content/uploads/sites/8/2020/07/novaunio-05-300x300.jpg 300w, https://www.culturalvila-seca.cat/novaunio/wp-content/uploads/sites/8/2020/07/novaunio-05-150x150.jpg 150w, https://www.culturalvila-seca.cat/novaunio/wp-content/uploads/sites/8/2020/07/novaunio-05-768x768.jpg 768w" sizes="auto, (max-width: 1000px) 100vw, 1000px" /><figcaption>Concert  de Sant Esteve<br>Fotografia: Fons Coral Nova Unió</figcaption></figure>



<p></p>
</div>



<div class="wp-block-column is-layout-flow wp-block-column-is-layout-flow" style="flex-basis:50%">
<h2 class="wp-block-heading">Dues fites clau en el nostre calendari</h2>



<div class="wp-block-group"><div class="wp-block-group__inner-container is-layout-flow wp-block-group-is-layout-flow">
<p>No faltem mai al concert de Sant Esteve i al de final de curs. Durant tot l&#8217;any fem diferents sortides i d&#8217;altres concerts.  </p>
</div></div>



<p><a href="https://www.culturalvila-seca.cat/novaunio/que-fem/">T&#8217;expliquem perquè ens agrada tan cantar</a></p>
</div>
</div>



<div class="wp-block-group alignfull block_skew grey angle1 extended"><div class="wp-block-group__inner-container is-layout-flow wp-block-group-is-layout-flow">
<h2 class="wp-block-heading">Propers esdeveniments</h2>


<section class="noticia_destacada">
<div class="wp-block-columns block_link block_noticia block_link extended  text_only">
	<div class="wp-block-column text_noticia">
	
		<div class="titol">
				<h3>La Coral Nova Unió actua a Tarragona</h3>
								</div>
		<p>El proper 22 de juny la Coral Nova Unió presentarà el seu espectacle &#8220;Un bri de llum&#8221; a l&#8217;Auditori de la Diputació de Tarragona.</p>
		
		
		<p class="article_actions">
		
			<a href="https://www.culturalvila-seca.cat/novaunio/actualitat/la-coral-nova-unio-actua-a-tarragona/" >
				<i class="fas fa-chevron-right"></i> Llegeix més
			</a>
								</p>


	</div>
</div></section>
</div></div>



<div class="wp-block-columns block_cols img_right block_link extended is-layout-flex wp-container-core-columns-is-layout-9d6595d7 wp-block-columns-is-layout-flex">
<div class="wp-block-column is-layout-flow wp-block-column-is-layout-flow" style="flex-basis:50%">
<h2 class="wp-block-heading">La Coral Nova Unió nasqué l’any 1972 </h2>



<p>Han format part de la Coral molts homes i dones que ens han deixat una forta empremta. </p>



<p><a href="https://www.culturalvila-seca.cat/novaunio/historia/">T&#8217;expliquem d&#8217;on venim</a></p>



<p></p>
</div>



<div class="wp-block-column is-layout-flow wp-block-column-is-layout-flow" style="flex-basis:50%">
<figure class="wp-block-image size-large"><img loading="lazy" decoding="async" width="1000" height="1000" src="https://www.culturalvila-seca.cat/novaunio/wp-content/uploads/sites/8/2020/07/historia-portada-unio.jpg" alt="Alguns cantants de la Coral Nova Unió" class="wp-image-65" srcset="https://www.culturalvila-seca.cat/novaunio/wp-content/uploads/sites/8/2020/07/historia-portada-unio.jpg 1000w, https://www.culturalvila-seca.cat/novaunio/wp-content/uploads/sites/8/2020/07/historia-portada-unio-300x300.jpg 300w, https://www.culturalvila-seca.cat/novaunio/wp-content/uploads/sites/8/2020/07/historia-portada-unio-150x150.jpg 150w, https://www.culturalvila-seca.cat/novaunio/wp-content/uploads/sites/8/2020/07/historia-portada-unio-768x768.jpg 768w" sizes="auto, (max-width: 1000px) 100vw, 1000px" /></figure>
</div>
</div>



<p></p>

<p>Ens trobem per cantar, per gaudir de la música en un ambient acollidor Dues fites clau en el nostre calendari No faltem mai al concert de Sant Esteve i al de final de curs. Durant tot l&#8217;any fem diferents sortides i d&#8217;altres concerts. T&#8217;expliquem perquè ens agrada tan cantar Propers esdeveniments La Coral Nova Unió [&hellip;]</p>
