{"id":8,"date":"2020-07-11T18:50:17","date_gmt":"2020-07-11T16:50:17","guid":{"rendered":"https:\/\/www.culturalvila-seca.cat\/novaunio\/?page_id=8"},"modified":"2020-08-18T18:51:08","modified_gmt":"2020-08-18T16:51:08","slug":"que-fem","status":"publish","type":"page","link":"https:\/\/www.culturalvila-seca.cat\/novaunio\/que-fem\/","title":{"rendered":"Qu\u00e8 fem"},"content":{"rendered":"\n<div class=\"wp-block-group alignfull block_skew intro_pagina\"><div class=\"wp-block-group__inner-container is-layout-flow wp-block-group-is-layout-flow\"><h1>Qu\u00e8 fem<\/h1>\n<\/div><\/div>\n\n\n\n<h2 class=\"wp-block-heading\">Els assajos setmanals s\u00f3n moments especials<\/h2>\n\n\n\n<p>El cor sempre ha estat format per una cinquantena de persones entre homes i dones de totes les edats, que segons les necessitats dels cantaires han anat sortint i entrant, amb un ambient fant\u00e0stic que han resaltat tant els directors com els cantaires joves i grans que durant aquests cinquanta anys del Cor han anat passant per l\u2019entitat.<\/p>\n\n\n\n<figure class=\"wp-block-embed-youtube wp-block-embed is-type-video is-provider-youtube wp-embed-aspect-16-9 wp-has-aspect-ratio\"><div class=\"wp-block-embed__wrapper\">\n<iframe loading=\"lazy\" title=\"Boig per tu. Coral Nova Uni\u00f3 de Vila-seca.\" width=\"640\" height=\"360\" src=\"https:\/\/www.youtube.com\/embed\/x1ZqI5Xo800?feature=oembed\" frameborder=\"0\" allow=\"accelerometer; autoplay; clipboard-write; encrypted-media; gyroscope; picture-in-picture; web-share\" referrerpolicy=\"strict-origin-when-cross-origin\" allowfullscreen><\/iframe>\n<\/div><figcaption>Boig per tu<br>V\u00eddeo: Josep Miralles Esteban<\/figcaption><\/figure>\n\n\n\n<p>Com hem comentat, des de fa molts anys fem dos concerts que ja s\u00f3n tradicionals, el de Sant Esteve, el 26 de desembre i el de fi de curs, cap a mitjan juny. El de Sant Esteve des que vam complir vint-i-cinc anys ens acompanya l\u2019Orquestra Haendel del Conservatori. Fem la primera part amb Nadales del m\u00f3n, un entremig orquestral i una tercera part Cor i Orquestra.<\/p>\n\n\n\n<h4 class=\"wp-block-heading\">Un repertori ric i ben triat<\/h4>\n\n\n\n<p>Hem fet peces conjuntes com el Te Deum de Carpentier, el Gl\u00f2ria, Magn\u00edficat i Credo de Vivaldi, el Magnificat del Pare Soler, el Campaner de Ta\u00fcll del mestre Josep Vila Casanyes, la Missa Brevis de Hayden\u2026<br>Al concert de fi de curs hem fet concerts tem\u00e0tics com de Boleros, sardanes amb la cobla Reus Jove, Can\u00e7\u00f3 d\u2019Amor i de Guerra en versi\u00f3 de concert, la Missa alemanya de Schubert\u2026<\/p>\n\n\n\n<figure class=\"wp-block-image size-large\"><img loading=\"lazy\" decoding=\"async\" width=\"960\" height=\"720\" src=\"https:\/\/www.culturalvila-seca.cat\/novaunio\/wp-content\/uploads\/sites\/8\/2020\/07\/48355902_2285195681504549_1937602537708322816_n.jpg\" alt=\"\" class=\"wp-image-43\" srcset=\"https:\/\/www.culturalvila-seca.cat\/novaunio\/wp-content\/uploads\/sites\/8\/2020\/07\/48355902_2285195681504549_1937602537708322816_n.jpg 960w, https:\/\/www.culturalvila-seca.cat\/novaunio\/wp-content\/uploads\/sites\/8\/2020\/07\/48355902_2285195681504549_1937602537708322816_n-300x225.jpg 300w, https:\/\/www.culturalvila-seca.cat\/novaunio\/wp-content\/uploads\/sites\/8\/2020\/07\/48355902_2285195681504549_1937602537708322816_n-768x576.jpg 768w\" sizes=\"auto, (max-width: 960px) 100vw, 960px\" \/><figcaption>Assaig de la Coral<br>Fotografia: Fons Coral Nova Uni\u00f3<\/figcaption><\/figure>\n\n\n\n<p>El repertori ha estat sempre molt variat amb temes tradicionals catalans, populars, m\u00fasica de cinema, can\u00e7\u00f3 religiosa i m\u00fasica cl\u00e0ssica.<\/p>\n\n\n\n<h4 class=\"wp-block-heading\">Oberts a noves veus<\/h4>\n\n\n\n<p>La Coral \u00e9s oberta a l&#8217;entrada de nous cantaires, als que no es demana res m\u00e9s que els agradi molt cantar, que siguin molt seriosos en l&#8217;assist\u00e8ncia als assajos, que s\u00f3n dilluns i dimecres de tot l&#8217;any, tret de juliol i agost, i que facin una prova de cant i de temps en comen\u00e7ar.<\/p>\n\n\n\n<p>Hem actuat a molts llocs de Catalunya, d&#8217;Espanya i Europa, en un ambient molt bo.<\/p>\n\n\n\n<p>Animem a qui li agradi cantar que ho provi, que vingui, i estem segurs que s\u2019ho passar\u00e0 molt b\u00e9. La Coral \u00e9s un lloc de conviv\u00e8ncia, de cultura i formaci\u00f3. Les persones i els directors han fet una gran obra.<br>Us esperem!<\/p>\n\n\n\n<figure class=\"wp-block-gallery columns-3 is-cropped wp-block-gallery-1 is-layout-flex wp-block-gallery-is-layout-flex\"><ul class=\"blocks-gallery-grid\"><li class=\"blocks-gallery-item\"><figure><a href=\"https:\/\/www.culturalvila-seca.cat\/novaunio\/wp-content\/uploads\/sites\/8\/2020\/07\/79474710_2955054164518694_6324912687134277632_n.jpg\"><img loading=\"lazy\" decoding=\"async\" width=\"960\" height=\"960\" src=\"https:\/\/www.culturalvila-seca.cat\/novaunio\/wp-content\/uploads\/sites\/8\/2020\/07\/79474710_2955054164518694_6324912687134277632_n.jpg\" alt=\"\" data-id=\"46\" data-full-url=\"https:\/\/www.culturalvila-seca.cat\/novaunio\/wp-content\/uploads\/sites\/8\/2020\/07\/79474710_2955054164518694_6324912687134277632_n.jpg\" data-link=\"https:\/\/www.culturalvila-seca.cat\/novaunio\/historia\/79474710_2955054164518694_6324912687134277632_n\/\" class=\"wp-image-46\" srcset=\"https:\/\/www.culturalvila-seca.cat\/novaunio\/wp-content\/uploads\/sites\/8\/2020\/07\/79474710_2955054164518694_6324912687134277632_n.jpg 960w, https:\/\/www.culturalvila-seca.cat\/novaunio\/wp-content\/uploads\/sites\/8\/2020\/07\/79474710_2955054164518694_6324912687134277632_n-300x300.jpg 300w, https:\/\/www.culturalvila-seca.cat\/novaunio\/wp-content\/uploads\/sites\/8\/2020\/07\/79474710_2955054164518694_6324912687134277632_n-150x150.jpg 150w, https:\/\/www.culturalvila-seca.cat\/novaunio\/wp-content\/uploads\/sites\/8\/2020\/07\/79474710_2955054164518694_6324912687134277632_n-768x768.jpg 768w\" sizes=\"auto, (max-width: 960px) 100vw, 960px\" \/><\/a><\/figure><\/li><li class=\"blocks-gallery-item\"><figure><a href=\"https:\/\/www.culturalvila-seca.cat\/novaunio\/wp-content\/uploads\/sites\/8\/2020\/07\/70391487_2755685624455550_5055844688339140608_o.jpg\"><img loading=\"lazy\" decoding=\"async\" width=\"1024\" height=\"765\" src=\"https:\/\/www.culturalvila-seca.cat\/novaunio\/wp-content\/uploads\/sites\/8\/2020\/07\/70391487_2755685624455550_5055844688339140608_o-1024x765.jpg\" alt=\"\" data-id=\"45\" data-full-url=\"https:\/\/www.culturalvila-seca.cat\/novaunio\/wp-content\/uploads\/sites\/8\/2020\/07\/70391487_2755685624455550_5055844688339140608_o.jpg\" data-link=\"https:\/\/www.culturalvila-seca.cat\/novaunio\/historia\/70391487_2755685624455550_5055844688339140608_o\/\" class=\"wp-image-45\" srcset=\"https:\/\/www.culturalvila-seca.cat\/novaunio\/wp-content\/uploads\/sites\/8\/2020\/07\/70391487_2755685624455550_5055844688339140608_o-1024x765.jpg 1024w, https:\/\/www.culturalvila-seca.cat\/novaunio\/wp-content\/uploads\/sites\/8\/2020\/07\/70391487_2755685624455550_5055844688339140608_o-300x224.jpg 300w, https:\/\/www.culturalvila-seca.cat\/novaunio\/wp-content\/uploads\/sites\/8\/2020\/07\/70391487_2755685624455550_5055844688339140608_o-768x574.jpg 768w, https:\/\/www.culturalvila-seca.cat\/novaunio\/wp-content\/uploads\/sites\/8\/2020\/07\/70391487_2755685624455550_5055844688339140608_o.jpg 1440w\" sizes=\"auto, (max-width: 1024px) 100vw, 1024px\" \/><\/a><\/figure><\/li><li class=\"blocks-gallery-item\"><figure><a href=\"https:\/\/www.culturalvila-seca.cat\/novaunio\/wp-content\/uploads\/sites\/8\/2020\/07\/48221788_2278660768824707_799525543883046912_n.jpg\"><img loading=\"lazy\" decoding=\"async\" width=\"960\" height=\"540\" src=\"https:\/\/www.culturalvila-seca.cat\/novaunio\/wp-content\/uploads\/sites\/8\/2020\/07\/48221788_2278660768824707_799525543883046912_n.jpg\" alt=\"\" data-id=\"41\" data-full-url=\"https:\/\/www.culturalvila-seca.cat\/novaunio\/wp-content\/uploads\/sites\/8\/2020\/07\/48221788_2278660768824707_799525543883046912_n.jpg\" data-link=\"https:\/\/www.culturalvila-seca.cat\/novaunio\/historia\/48221788_2278660768824707_799525543883046912_n\/\" class=\"wp-image-41\" srcset=\"https:\/\/www.culturalvila-seca.cat\/novaunio\/wp-content\/uploads\/sites\/8\/2020\/07\/48221788_2278660768824707_799525543883046912_n.jpg 960w, https:\/\/www.culturalvila-seca.cat\/novaunio\/wp-content\/uploads\/sites\/8\/2020\/07\/48221788_2278660768824707_799525543883046912_n-300x169.jpg 300w, https:\/\/www.culturalvila-seca.cat\/novaunio\/wp-content\/uploads\/sites\/8\/2020\/07\/48221788_2278660768824707_799525543883046912_n-768x432.jpg 768w\" sizes=\"auto, (max-width: 960px) 100vw, 960px\" \/><\/a><\/figure><\/li><li class=\"blocks-gallery-item\"><figure><a href=\"https:\/\/www.culturalvila-seca.cat\/novaunio\/wp-content\/uploads\/sites\/8\/2020\/07\/nova-unio-2.jpg\"><img loading=\"lazy\" decoding=\"async\" width=\"1000\" height=\"1000\" src=\"https:\/\/www.culturalvila-seca.cat\/novaunio\/wp-content\/uploads\/sites\/8\/2020\/07\/nova-unio-2.jpg\" alt=\"Coral Nova Uni\u00f3\" data-id=\"37\" data-full-url=\"https:\/\/www.culturalvila-seca.cat\/novaunio\/wp-content\/uploads\/sites\/8\/2020\/07\/nova-unio-2.jpg\" data-link=\"https:\/\/www.culturalvila-seca.cat\/novaunio\/coral-nova-unio\/nova-unio-2\/\" class=\"wp-image-37\" srcset=\"https:\/\/www.culturalvila-seca.cat\/novaunio\/wp-content\/uploads\/sites\/8\/2020\/07\/nova-unio-2.jpg 1000w, https:\/\/www.culturalvila-seca.cat\/novaunio\/wp-content\/uploads\/sites\/8\/2020\/07\/nova-unio-2-300x300.jpg 300w, https:\/\/www.culturalvila-seca.cat\/novaunio\/wp-content\/uploads\/sites\/8\/2020\/07\/nova-unio-2-150x150.jpg 150w, https:\/\/www.culturalvila-seca.cat\/novaunio\/wp-content\/uploads\/sites\/8\/2020\/07\/nova-unio-2-768x768.jpg 768w\" sizes=\"auto, (max-width: 1000px) 100vw, 1000px\" \/><\/a><\/figure><\/li><li class=\"blocks-gallery-item\"><figure><a href=\"https:\/\/www.culturalvila-seca.cat\/novaunio\/wp-content\/uploads\/sites\/8\/2020\/07\/48427100_2283648048325979_6827364843620663296_n.jpg\"><img loading=\"lazy\" decoding=\"async\" width=\"960\" height=\"720\" src=\"https:\/\/www.culturalvila-seca.cat\/novaunio\/wp-content\/uploads\/sites\/8\/2020\/07\/48427100_2283648048325979_6827364843620663296_n.jpg\" alt=\"\" data-id=\"42\" data-full-url=\"https:\/\/www.culturalvila-seca.cat\/novaunio\/wp-content\/uploads\/sites\/8\/2020\/07\/48427100_2283648048325979_6827364843620663296_n.jpg\" data-link=\"https:\/\/www.culturalvila-seca.cat\/novaunio\/historia\/48427100_2283648048325979_6827364843620663296_n\/\" class=\"wp-image-42\" srcset=\"https:\/\/www.culturalvila-seca.cat\/novaunio\/wp-content\/uploads\/sites\/8\/2020\/07\/48427100_2283648048325979_6827364843620663296_n.jpg 960w, https:\/\/www.culturalvila-seca.cat\/novaunio\/wp-content\/uploads\/sites\/8\/2020\/07\/48427100_2283648048325979_6827364843620663296_n-300x225.jpg 300w, https:\/\/www.culturalvila-seca.cat\/novaunio\/wp-content\/uploads\/sites\/8\/2020\/07\/48427100_2283648048325979_6827364843620663296_n-768x576.jpg 768w\" sizes=\"auto, (max-width: 960px) 100vw, 960px\" \/><\/a><\/figure><\/li><\/ul><\/figure>\n\n\n\n<figure class=\"wp-block-image size-large is-style-rounded credit_autor\"><img loading=\"lazy\" decoding=\"async\" width=\"400\" height=\"400\" src=\"https:\/\/www.culturalvila-seca.cat\/novaunio\/wp-content\/uploads\/sites\/8\/2020\/07\/espina.jpg\" alt=\"Xavier Espina Mata, president de la Coral Nova Uni\u00f3\" class=\"wp-image-98\" srcset=\"https:\/\/www.culturalvila-seca.cat\/novaunio\/wp-content\/uploads\/sites\/8\/2020\/07\/espina.jpg 400w, https:\/\/www.culturalvila-seca.cat\/novaunio\/wp-content\/uploads\/sites\/8\/2020\/07\/espina-300x300.jpg 300w, https:\/\/www.culturalvila-seca.cat\/novaunio\/wp-content\/uploads\/sites\/8\/2020\/07\/espina-150x150.jpg 150w\" sizes=\"auto, (max-width: 400px) 100vw, 400px\" \/><figcaption><strong>Xavier Espina Mata <\/strong><br>President de la Coral Nova Uni\u00f3<\/figcaption><\/figure>\n\n\n\n<p><\/p>\n","protected":false},"excerpt":{"rendered":"<p>Els assajos setmanals s\u00f3n moments especials El cor sempre ha estat format per una cinquantena de persones entre homes i dones de totes les edats, que segons les necessitats dels cantaires han anat sortint i entrant, amb un ambient fant\u00e0stic que han resaltat tant els directors com els cantaires joves i grans que durant aquests [&hellip;]<\/p>\n","protected":false},"author":1,"featured_media":73,"parent":0,"menu_order":0,"comment_status":"closed","ping_status":"closed","template":"","meta":{"_acf_changed":false,"footnotes":""},"class_list":["post-8","page","type-page","status-publish","has-post-thumbnail","hentry"],"acf":[],"_links":{"self":[{"href":"https:\/\/www.culturalvila-seca.cat\/novaunio\/wp-json\/wp\/v2\/pages\/8","targetHints":{"allow":["GET"]}}],"collection":[{"href":"https:\/\/www.culturalvila-seca.cat\/novaunio\/wp-json\/wp\/v2\/pages"}],"about":[{"href":"https:\/\/www.culturalvila-seca.cat\/novaunio\/wp-json\/wp\/v2\/types\/page"}],"author":[{"embeddable":true,"href":"https:\/\/www.culturalvila-seca.cat\/novaunio\/wp-json\/wp\/v2\/users\/1"}],"replies":[{"embeddable":true,"href":"https:\/\/www.culturalvila-seca.cat\/novaunio\/wp-json\/wp\/v2\/comments?post=8"}],"version-history":[{"count":18,"href":"https:\/\/www.culturalvila-seca.cat\/novaunio\/wp-json\/wp\/v2\/pages\/8\/revisions"}],"predecessor-version":[{"id":117,"href":"https:\/\/www.culturalvila-seca.cat\/novaunio\/wp-json\/wp\/v2\/pages\/8\/revisions\/117"}],"wp:featuredmedia":[{"embeddable":true,"href":"https:\/\/www.culturalvila-seca.cat\/novaunio\/wp-json\/wp\/v2\/media\/73"}],"wp:attachment":[{"href":"https:\/\/www.culturalvila-seca.cat\/novaunio\/wp-json\/wp\/v2\/media?parent=8"}],"curies":[{"name":"wp","href":"https:\/\/api.w.org\/{rel}","templated":true}]}}

Què fem

<div class="wp-block-group alignfull block_skew intro_pagina"><div class="wp-block-group__inner-container is-layout-flow wp-block-group-is-layout-flow"><h1>Què fem</h1>
</div></div>



<h2 class="wp-block-heading">Els assajos setmanals són moments especials</h2>



<p>El cor sempre ha estat format per una cinquantena de persones entre homes i dones de totes les edats, que segons les necessitats dels cantaires han anat sortint i entrant, amb un ambient fantàstic que han resaltat tant els directors com els cantaires joves i grans que durant aquests cinquanta anys del Cor han anat passant per l’entitat.</p>



<figure class="wp-block-embed-youtube wp-block-embed is-type-video is-provider-youtube wp-embed-aspect-16-9 wp-has-aspect-ratio"><div class="wp-block-embed__wrapper">
<iframe loading="lazy" title="Boig per tu. Coral Nova Unió de Vila-seca." width="640" height="360" src="https://www.youtube.com/embed/x1ZqI5Xo800?feature=oembed" frameborder="0" allow="accelerometer; autoplay; clipboard-write; encrypted-media; gyroscope; picture-in-picture; web-share" referrerpolicy="strict-origin-when-cross-origin" allowfullscreen></iframe>
</div><figcaption>Boig per tu<br>Vídeo: Josep Miralles Esteban</figcaption></figure>



<p>Com hem comentat, des de fa molts anys fem dos concerts que ja són tradicionals, el de Sant Esteve, el 26 de desembre i el de fi de curs, cap a mitjan juny. El de Sant Esteve des que vam complir vint-i-cinc anys ens acompanya l’Orquestra Haendel del Conservatori. Fem la primera part amb Nadales del món, un entremig orquestral i una tercera part Cor i Orquestra.</p>



<h4 class="wp-block-heading">Un repertori ric i ben triat</h4>



<p>Hem fet peces conjuntes com el Te Deum de Carpentier, el Glòria, Magníficat i Credo de Vivaldi, el Magnificat del Pare Soler, el Campaner de Taüll del mestre Josep Vila Casanyes, la Missa Brevis de Hayden…<br>Al concert de fi de curs hem fet concerts temàtics com de Boleros, sardanes amb la cobla Reus Jove, Cançó d’Amor i de Guerra en versió de concert, la Missa alemanya de Schubert…</p>



<figure class="wp-block-image size-large"><img loading="lazy" decoding="async" width="960" height="720" src="https://www.culturalvila-seca.cat/novaunio/wp-content/uploads/sites/8/2020/07/48355902_2285195681504549_1937602537708322816_n.jpg" alt="" class="wp-image-43" srcset="https://www.culturalvila-seca.cat/novaunio/wp-content/uploads/sites/8/2020/07/48355902_2285195681504549_1937602537708322816_n.jpg 960w, https://www.culturalvila-seca.cat/novaunio/wp-content/uploads/sites/8/2020/07/48355902_2285195681504549_1937602537708322816_n-300x225.jpg 300w, https://www.culturalvila-seca.cat/novaunio/wp-content/uploads/sites/8/2020/07/48355902_2285195681504549_1937602537708322816_n-768x576.jpg 768w" sizes="auto, (max-width: 960px) 100vw, 960px" /><figcaption>Assaig de la Coral<br>Fotografia: Fons Coral Nova Unió</figcaption></figure>



<p>El repertori ha estat sempre molt variat amb temes tradicionals catalans, populars, música de cinema, cançó religiosa i música clàssica.</p>



<h4 class="wp-block-heading">Oberts a noves veus</h4>



<p>La Coral és oberta a l&#8217;entrada de nous cantaires, als que no es demana res més que els agradi molt cantar, que siguin molt seriosos en l&#8217;assistència als assajos, que són dilluns i dimecres de tot l&#8217;any, tret de juliol i agost, i que facin una prova de cant i de temps en començar.</p>



<p>Hem actuat a molts llocs de Catalunya, d&#8217;Espanya i Europa, en un ambient molt bo.</p>



<p>Animem a qui li agradi cantar que ho provi, que vingui, i estem segurs que s’ho passarà molt bé. La Coral és un lloc de convivència, de cultura i formació. Les persones i els directors han fet una gran obra.<br>Us esperem!</p>



<figure class="wp-block-gallery columns-3 is-cropped wp-block-gallery-1 is-layout-flex wp-block-gallery-is-layout-flex"><ul class="blocks-gallery-grid"><li class="blocks-gallery-item"><figure><a href="https://www.culturalvila-seca.cat/novaunio/wp-content/uploads/sites/8/2020/07/79474710_2955054164518694_6324912687134277632_n.jpg"><img loading="lazy" decoding="async" width="960" height="960" src="https://www.culturalvila-seca.cat/novaunio/wp-content/uploads/sites/8/2020/07/79474710_2955054164518694_6324912687134277632_n.jpg" alt="" data-id="46" data-full-url="https://www.culturalvila-seca.cat/novaunio/wp-content/uploads/sites/8/2020/07/79474710_2955054164518694_6324912687134277632_n.jpg" data-link="https://www.culturalvila-seca.cat/novaunio/historia/79474710_2955054164518694_6324912687134277632_n/" class="wp-image-46" srcset="https://www.culturalvila-seca.cat/novaunio/wp-content/uploads/sites/8/2020/07/79474710_2955054164518694_6324912687134277632_n.jpg 960w, https://www.culturalvila-seca.cat/novaunio/wp-content/uploads/sites/8/2020/07/79474710_2955054164518694_6324912687134277632_n-300x300.jpg 300w, https://www.culturalvila-seca.cat/novaunio/wp-content/uploads/sites/8/2020/07/79474710_2955054164518694_6324912687134277632_n-150x150.jpg 150w, https://www.culturalvila-seca.cat/novaunio/wp-content/uploads/sites/8/2020/07/79474710_2955054164518694_6324912687134277632_n-768x768.jpg 768w" sizes="auto, (max-width: 960px) 100vw, 960px" /></a></figure></li><li class="blocks-gallery-item"><figure><a href="https://www.culturalvila-seca.cat/novaunio/wp-content/uploads/sites/8/2020/07/70391487_2755685624455550_5055844688339140608_o.jpg"><img loading="lazy" decoding="async" width="1024" height="765" src="https://www.culturalvila-seca.cat/novaunio/wp-content/uploads/sites/8/2020/07/70391487_2755685624455550_5055844688339140608_o-1024x765.jpg" alt="" data-id="45" data-full-url="https://www.culturalvila-seca.cat/novaunio/wp-content/uploads/sites/8/2020/07/70391487_2755685624455550_5055844688339140608_o.jpg" data-link="https://www.culturalvila-seca.cat/novaunio/historia/70391487_2755685624455550_5055844688339140608_o/" class="wp-image-45" srcset="https://www.culturalvila-seca.cat/novaunio/wp-content/uploads/sites/8/2020/07/70391487_2755685624455550_5055844688339140608_o-1024x765.jpg 1024w, https://www.culturalvila-seca.cat/novaunio/wp-content/uploads/sites/8/2020/07/70391487_2755685624455550_5055844688339140608_o-300x224.jpg 300w, https://www.culturalvila-seca.cat/novaunio/wp-content/uploads/sites/8/2020/07/70391487_2755685624455550_5055844688339140608_o-768x574.jpg 768w, https://www.culturalvila-seca.cat/novaunio/wp-content/uploads/sites/8/2020/07/70391487_2755685624455550_5055844688339140608_o.jpg 1440w" sizes="auto, (max-width: 1024px) 100vw, 1024px" /></a></figure></li><li class="blocks-gallery-item"><figure><a href="https://www.culturalvila-seca.cat/novaunio/wp-content/uploads/sites/8/2020/07/48221788_2278660768824707_799525543883046912_n.jpg"><img loading="lazy" decoding="async" width="960" height="540" src="https://www.culturalvila-seca.cat/novaunio/wp-content/uploads/sites/8/2020/07/48221788_2278660768824707_799525543883046912_n.jpg" alt="" data-id="41" data-full-url="https://www.culturalvila-seca.cat/novaunio/wp-content/uploads/sites/8/2020/07/48221788_2278660768824707_799525543883046912_n.jpg" data-link="https://www.culturalvila-seca.cat/novaunio/historia/48221788_2278660768824707_799525543883046912_n/" class="wp-image-41" srcset="https://www.culturalvila-seca.cat/novaunio/wp-content/uploads/sites/8/2020/07/48221788_2278660768824707_799525543883046912_n.jpg 960w, https://www.culturalvila-seca.cat/novaunio/wp-content/uploads/sites/8/2020/07/48221788_2278660768824707_799525543883046912_n-300x169.jpg 300w, https://www.culturalvila-seca.cat/novaunio/wp-content/uploads/sites/8/2020/07/48221788_2278660768824707_799525543883046912_n-768x432.jpg 768w" sizes="auto, (max-width: 960px) 100vw, 960px" /></a></figure></li><li class="blocks-gallery-item"><figure><a href="https://www.culturalvila-seca.cat/novaunio/wp-content/uploads/sites/8/2020/07/nova-unio-2.jpg"><img loading="lazy" decoding="async" width="1000" height="1000" src="https://www.culturalvila-seca.cat/novaunio/wp-content/uploads/sites/8/2020/07/nova-unio-2.jpg" alt="Coral Nova Unió" data-id="37" data-full-url="https://www.culturalvila-seca.cat/novaunio/wp-content/uploads/sites/8/2020/07/nova-unio-2.jpg" data-link="https://www.culturalvila-seca.cat/novaunio/coral-nova-unio/nova-unio-2/" class="wp-image-37" srcset="https://www.culturalvila-seca.cat/novaunio/wp-content/uploads/sites/8/2020/07/nova-unio-2.jpg 1000w, https://www.culturalvila-seca.cat/novaunio/wp-content/uploads/sites/8/2020/07/nova-unio-2-300x300.jpg 300w, https://www.culturalvila-seca.cat/novaunio/wp-content/uploads/sites/8/2020/07/nova-unio-2-150x150.jpg 150w, https://www.culturalvila-seca.cat/novaunio/wp-content/uploads/sites/8/2020/07/nova-unio-2-768x768.jpg 768w" sizes="auto, (max-width: 1000px) 100vw, 1000px" /></a></figure></li><li class="blocks-gallery-item"><figure><a href="https://www.culturalvila-seca.cat/novaunio/wp-content/uploads/sites/8/2020/07/48427100_2283648048325979_6827364843620663296_n.jpg"><img loading="lazy" decoding="async" width="960" height="720" src="https://www.culturalvila-seca.cat/novaunio/wp-content/uploads/sites/8/2020/07/48427100_2283648048325979_6827364843620663296_n.jpg" alt="" data-id="42" data-full-url="https://www.culturalvila-seca.cat/novaunio/wp-content/uploads/sites/8/2020/07/48427100_2283648048325979_6827364843620663296_n.jpg" data-link="https://www.culturalvila-seca.cat/novaunio/historia/48427100_2283648048325979_6827364843620663296_n/" class="wp-image-42" srcset="https://www.culturalvila-seca.cat/novaunio/wp-content/uploads/sites/8/2020/07/48427100_2283648048325979_6827364843620663296_n.jpg 960w, https://www.culturalvila-seca.cat/novaunio/wp-content/uploads/sites/8/2020/07/48427100_2283648048325979_6827364843620663296_n-300x225.jpg 300w, https://www.culturalvila-seca.cat/novaunio/wp-content/uploads/sites/8/2020/07/48427100_2283648048325979_6827364843620663296_n-768x576.jpg 768w" sizes="auto, (max-width: 960px) 100vw, 960px" /></a></figure></li></ul></figure>



<figure class="wp-block-image size-large is-style-rounded credit_autor"><img loading="lazy" decoding="async" width="400" height="400" src="https://www.culturalvila-seca.cat/novaunio/wp-content/uploads/sites/8/2020/07/espina.jpg" alt="Xavier Espina Mata, president de la Coral Nova Unió" class="wp-image-98" srcset="https://www.culturalvila-seca.cat/novaunio/wp-content/uploads/sites/8/2020/07/espina.jpg 400w, https://www.culturalvila-seca.cat/novaunio/wp-content/uploads/sites/8/2020/07/espina-300x300.jpg 300w, https://www.culturalvila-seca.cat/novaunio/wp-content/uploads/sites/8/2020/07/espina-150x150.jpg 150w" sizes="auto, (max-width: 400px) 100vw, 400px" /><figcaption><strong>Xavier Espina Mata </strong><br>President de la Coral Nova Unió</figcaption></figure>



<p></p>

<p>Els assajos setmanals són moments especials El cor sempre ha estat format per una cinquantena de persones entre homes i dones de totes les edats, que segons les necessitats dels cantaires han anat sortint i entrant, amb un ambient fantàstic que han resaltat tant els directors com els cantaires joves i grans que durant aquests [&hellip;]</p>
