{"id":7,"date":"2023-07-14T18:29:31","date_gmt":"2023-07-14T16:29:31","guid":{"rendered":"https:\/\/www.culturalvila-seca.cat\/petitspintors\/?page_id=7"},"modified":"2023-07-17T12:32:23","modified_gmt":"2023-07-17T10:32:23","slug":"colla-gegantera-dels-petits-pintors","status":"publish","type":"page","link":"https:\/\/www.culturalvila-seca.cat\/petitspintors\/","title":{"rendered":"Colla Gegantera dels Petits Pintors"},"content":{"rendered":"\n<div class=\"wp-block-group alignfull block_skew intro_subsite\"><div class=\"wp-block-group__inner-container is-layout-flow wp-block-group-is-layout-flow\"><h1>Colla Gegantera dels Petits Pintors<\/h1>\n\n\n\n<h2 class=\"wp-block-heading\">Els m\u00e9s grans dels geganters petits<\/h2>\n<\/div><\/div>\n\n\n\n<div class=\"wp-block-columns block_cols img_left block_link extended is-layout-flex wp-container-core-columns-is-layout-9d6595d7 wp-block-columns-is-layout-flex\">\n<div class=\"wp-block-column is-layout-flow wp-block-column-is-layout-flow\" style=\"flex-basis:50%\">\n<figure class=\"wp-block-image size-full\"><img loading=\"lazy\" decoding=\"async\" width=\"768\" height=\"768\" src=\"https:\/\/www.culturalvila-seca.cat\/petitspintors\/wp-content\/uploads\/sites\/16\/2023\/07\/collapetitspintors.jpg\" alt=\"Colla Gegantera dels Petits Pintors\" class=\"wp-image-18\" srcset=\"https:\/\/www.culturalvila-seca.cat\/petitspintors\/wp-content\/uploads\/sites\/16\/2023\/07\/collapetitspintors.jpg 768w, https:\/\/www.culturalvila-seca.cat\/petitspintors\/wp-content\/uploads\/sites\/16\/2023\/07\/collapetitspintors-300x300.jpg 300w, https:\/\/www.culturalvila-seca.cat\/petitspintors\/wp-content\/uploads\/sites\/16\/2023\/07\/collapetitspintors-150x150.jpg 150w\" sizes=\"auto, (max-width: 768px) 100vw, 768px\" \/><\/figure>\n\n\n\n<p><\/p>\n<\/div>\n\n\n\n<div class=\"wp-block-column is-layout-flow wp-block-column-is-layout-flow\" style=\"flex-basis:50%\">\n<h2 class=\"wp-block-heading\">Ja som aqu\u00ed!<\/h2>\n\n\n\n<div class=\"wp-block-group\"><div class=\"wp-block-group__inner-container is-layout-flow wp-block-group-is-layout-flow\">\n<p>Nascuts sota el paraigua de la Secci\u00f3 d&#8217;Art, ara som una nova secci\u00f3 de l&#8217;Agrupaci\u00f3 Cultural.<\/p>\n<\/div><\/div>\n\n\n\n<p><a href=\"https:\/\/www.culturalvila-seca.cat\/petitspintors\/presentacio\/\" data-type=\"page\" data-id=\"25\">Coneix-nos<\/a><\/p>\n<\/div>\n<\/div>\n\n\n\n<div class=\"wp-block-group alignfull block_skew grey angle2 extended\"><div class=\"wp-block-group__inner-container is-layout-flow wp-block-group-is-layout-flow\">\n<h2 class=\"wp-block-heading\">Propers esdeveniments<\/h2>\n\n\n<section class=\"noticia_destacada\">\n<div class=\"wp-block-columns block_link block_noticia block_link extended  text_only\">\n\t<div class=\"wp-block-column text_noticia\">\n\t\n\t\t<div class=\"titol\">\n\t\t\t\t<h3>Trobada d&#8217;elements festius<\/h3>\n\t\t\t\t\t\t\t\t<\/div>\n\t\t<p>Dem\u00e0 dissabte, 11 d&#8217;octubre podreu gaudir de la trobada de diversos elements festius del territori organitzada per la colla gegantera Els petits pintors dins dels actes del seu V\u00e8 Aniversari. Us esperem a les 11.45h al mercat de Vila-seca!<\/p>\n\t\t\n\t\t\n\t\t<p class=\"article_actions\">\n\t\t\n\t\t\t<a href=\"https:\/\/www.culturalvila-seca.cat\/petitspintors\/actualitat\/trobada-delements-festius\/\" >\n\t\t\t\t<i class=\"fas fa-chevron-right\"><\/i> Llegeix m\u00e9s\n\t\t\t<\/a>\n\t\t\t\t\t\t\t\t<\/p>\n\n\n\t<\/div>\n<\/div><\/section>\n<\/div><\/div>\n\n\n\n<div class=\"wp-block-columns block_cols img_right block_link extended is-layout-flex wp-container-core-columns-is-layout-9d6595d7 wp-block-columns-is-layout-flex\">\n<div class=\"wp-block-column is-layout-flow wp-block-column-is-layout-flow\" style=\"flex-basis:50%\">\n<h2 class=\"wp-block-heading\">La nova generaci\u00f3 de geganters<\/h2>\n\n\n\n<p>Nascuts sota el paraigua de la Secci\u00f3 d\u2019Art, ara som una nova secci\u00f3 de l\u2019Agrupaci\u00f3 Cultural.<\/p>\n\n\n\n<p><a href=\"https:\/\/www.culturalvila-seca.cat\/petitspintors\/presentacio\/\">Coneix-nos!<\/a><\/p>\n\n\n\n<p><\/p>\n<\/div>\n\n\n\n<div class=\"wp-block-column is-layout-flow wp-block-column-is-layout-flow\" style=\"flex-basis:50%\">\n<figure class=\"wp-block-image size-full\"><img loading=\"lazy\" decoding=\"async\" width=\"774\" height=\"784\" src=\"https:\/\/www.culturalvila-seca.cat\/petitspintors\/wp-content\/uploads\/sites\/16\/2023\/07\/banyetes-carrer.jpg\" alt=\"En Banyetes\" class=\"wp-image-71\" srcset=\"https:\/\/www.culturalvila-seca.cat\/petitspintors\/wp-content\/uploads\/sites\/16\/2023\/07\/banyetes-carrer.jpg 774w, https:\/\/www.culturalvila-seca.cat\/petitspintors\/wp-content\/uploads\/sites\/16\/2023\/07\/banyetes-carrer-296x300.jpg 296w, https:\/\/www.culturalvila-seca.cat\/petitspintors\/wp-content\/uploads\/sites\/16\/2023\/07\/banyetes-carrer-768x778.jpg 768w\" sizes=\"auto, (max-width: 774px) 100vw, 774px\" \/><\/figure>\n\n\n\n<div class=\"wp-block-group\"><div class=\"wp-block-group__inner-container is-layout-flow wp-block-group-is-layout-flow\"><\/div><\/div>\n<\/div>\n<\/div>\n","protected":false},"excerpt":{"rendered":"<p>Els m\u00e9s grans dels geganters petits Ja som aqu\u00ed! Nascuts sota el paraigua de la Secci\u00f3 d&#8217;Art, ara som una nova secci\u00f3 de l&#8217;Agrupaci\u00f3 Cultural. Coneix-nos Propers esdeveniments La nova generaci\u00f3 de geganters Nascuts sota el paraigua de la Secci\u00f3 d\u2019Art, ara som una nova secci\u00f3 de l\u2019Agrupaci\u00f3 Cultural. Coneix-nos!<\/p>\n","protected":false},"author":1,"featured_media":0,"parent":0,"menu_order":0,"comment_status":"closed","ping_status":"closed","template":"template_portada_subsite.php","meta":{"_acf_changed":false,"footnotes":""},"class_list":["post-7","page","type-page","status-publish","hentry"],"acf":[],"_links":{"self":[{"href":"https:\/\/www.culturalvila-seca.cat\/petitspintors\/wp-json\/wp\/v2\/pages\/7","targetHints":{"allow":["GET"]}}],"collection":[{"href":"https:\/\/www.culturalvila-seca.cat\/petitspintors\/wp-json\/wp\/v2\/pages"}],"about":[{"href":"https:\/\/www.culturalvila-seca.cat\/petitspintors\/wp-json\/wp\/v2\/types\/page"}],"author":[{"embeddable":true,"href":"https:\/\/www.culturalvila-seca.cat\/petitspintors\/wp-json\/wp\/v2\/users\/1"}],"replies":[{"embeddable":true,"href":"https:\/\/www.culturalvila-seca.cat\/petitspintors\/wp-json\/wp\/v2\/comments?post=7"}],"version-history":[{"count":10,"href":"https:\/\/www.culturalvila-seca.cat\/petitspintors\/wp-json\/wp\/v2\/pages\/7\/revisions"}],"predecessor-version":[{"id":73,"href":"https:\/\/www.culturalvila-seca.cat\/petitspintors\/wp-json\/wp\/v2\/pages\/7\/revisions\/73"}],"wp:attachment":[{"href":"https:\/\/www.culturalvila-seca.cat\/petitspintors\/wp-json\/wp\/v2\/media?parent=7"}],"curies":[{"name":"wp","href":"https:\/\/api.w.org\/{rel}","templated":true}]}}