{"id":13,"date":"2023-03-27T18:10:21","date_gmt":"2023-03-27T16:10:21","guid":{"rendered":"https:\/\/www.culturalvila-seca.cat\/tocats-de-la-la\/?page_id=13"},"modified":"2023-03-27T19:18:27","modified_gmt":"2023-03-27T17:18:27","slug":"presentacio","status":"publish","type":"page","link":"https:\/\/www.culturalvila-seca.cat\/tocats-de-la-la\/presentacio\/","title":{"rendered":"Presentaci\u00f3"},"content":{"rendered":"\n<div class=\"wp-block-group alignfull block_skew intro_pagina\"><div class=\"wp-block-group__inner-container is-layout-flow wp-block-group-is-layout-flow\"><h1>Presentaci\u00f3<\/h1>\n<\/div><\/div>\n\n\n\n<h2 class=\"wp-block-heading\">Xaranga Tocats de la-la<\/h2>\n\n\n\n<p>Som una banda de m\u00fasica de carrer vila-secana formada per joves de 16 a 18 anys amb estudis professionals de m\u00fasica. El nostre xou itinerant est\u00e0 format per un repertori divers de m\u00fasica festiva.<\/p>\n\n\n\n<p><\/p>\n\n\n\n<figure class=\"wp-block-image size-full\"><img loading=\"lazy\" decoding=\"async\" width=\"768\" height=\"768\" src=\"https:\/\/www.culturalvila-seca.cat\/tocats-de-la-la\/wp-content\/uploads\/sites\/15\/2023\/03\/tocatsdelala.jpg\" alt=\"Xaranga Tocats de La-La\" class=\"wp-image-10\" srcset=\"https:\/\/www.culturalvila-seca.cat\/tocats-de-la-la\/wp-content\/uploads\/sites\/15\/2023\/03\/tocatsdelala.jpg 768w, https:\/\/www.culturalvila-seca.cat\/tocats-de-la-la\/wp-content\/uploads\/sites\/15\/2023\/03\/tocatsdelala-300x300.jpg 300w, https:\/\/www.culturalvila-seca.cat\/tocats-de-la-la\/wp-content\/uploads\/sites\/15\/2023\/03\/tocatsdelala-150x150.jpg 150w\" sizes=\"auto, (max-width: 768px) 100vw, 768px\" \/><figcaption class=\"wp-element-caption\">La Xaranga al Castell de Vila-seca<br><\/figcaption><\/figure>\n\n\n\n<p><\/p>\n\n\n\n<p><\/p>\n","protected":false},"excerpt":{"rendered":"<p>Xaranga Tocats de la-la Som una banda de m\u00fasica de carrer vila-secana formada per joves de 16 a 18 anys amb estudis professionals de m\u00fasica. El nostre xou itinerant est\u00e0 format per un repertori divers de m\u00fasica festiva.<\/p>\n","protected":false},"author":1,"featured_media":53,"parent":0,"menu_order":0,"comment_status":"closed","ping_status":"closed","template":"","meta":{"_acf_changed":false,"footnotes":""},"class_list":["post-13","page","type-page","status-publish","has-post-thumbnail","hentry"],"acf":[],"_links":{"self":[{"href":"https:\/\/www.culturalvila-seca.cat\/tocats-de-la-la\/wp-json\/wp\/v2\/pages\/13","targetHints":{"allow":["GET"]}}],"collection":[{"href":"https:\/\/www.culturalvila-seca.cat\/tocats-de-la-la\/wp-json\/wp\/v2\/pages"}],"about":[{"href":"https:\/\/www.culturalvila-seca.cat\/tocats-de-la-la\/wp-json\/wp\/v2\/types\/page"}],"author":[{"embeddable":true,"href":"https:\/\/www.culturalvila-seca.cat\/tocats-de-la-la\/wp-json\/wp\/v2\/users\/1"}],"replies":[{"embeddable":true,"href":"https:\/\/www.culturalvila-seca.cat\/tocats-de-la-la\/wp-json\/wp\/v2\/comments?post=13"}],"version-history":[{"count":4,"href":"https:\/\/www.culturalvila-seca.cat\/tocats-de-la-la\/wp-json\/wp\/v2\/pages\/13\/revisions"}],"predecessor-version":[{"id":55,"href":"https:\/\/www.culturalvila-seca.cat\/tocats-de-la-la\/wp-json\/wp\/v2\/pages\/13\/revisions\/55"}],"wp:featuredmedia":[{"embeddable":true,"href":"https:\/\/www.culturalvila-seca.cat\/tocats-de-la-la\/wp-json\/wp\/v2\/media\/53"}],"wp:attachment":[{"href":"https:\/\/www.culturalvila-seca.cat\/tocats-de-la-la\/wp-json\/wp\/v2\/media?parent=13"}],"curies":[{"name":"wp","href":"https:\/\/api.w.org\/{rel}","templated":true}]}}

Presentació

<div class="wp-block-group alignfull block_skew intro_pagina"><div class="wp-block-group__inner-container is-layout-flow wp-block-group-is-layout-flow"><h1>Presentació</h1>
</div></div>



<h2 class="wp-block-heading">Xaranga Tocats de la-la</h2>



<p>Som una banda de música de carrer vila-secana formada per joves de 16 a 18 anys amb estudis professionals de música. El nostre xou itinerant està format per un repertori divers de música festiva.</p>



<p></p>



<figure class="wp-block-image size-full"><img loading="lazy" decoding="async" width="768" height="768" src="https://www.culturalvila-seca.cat/tocats-de-la-la/wp-content/uploads/sites/15/2023/03/tocatsdelala.jpg" alt="Xaranga Tocats de La-La" class="wp-image-10" srcset="https://www.culturalvila-seca.cat/tocats-de-la-la/wp-content/uploads/sites/15/2023/03/tocatsdelala.jpg 768w, https://www.culturalvila-seca.cat/tocats-de-la-la/wp-content/uploads/sites/15/2023/03/tocatsdelala-300x300.jpg 300w, https://www.culturalvila-seca.cat/tocats-de-la-la/wp-content/uploads/sites/15/2023/03/tocatsdelala-150x150.jpg 150w" sizes="auto, (max-width: 768px) 100vw, 768px" /><figcaption class="wp-element-caption">La Xaranga al Castell de Vila-seca<br></figcaption></figure>



<p></p>



<p></p>

<p>Xaranga Tocats de la-la Som una banda de música de carrer vila-secana formada per joves de 16 a 18 anys amb estudis professionals de música. El nostre xou itinerant està format per un repertori divers de música festiva.</p>
