{"id":20,"date":"2023-03-27T18:30:27","date_gmt":"2023-03-27T16:30:27","guid":{"rendered":"https:\/\/www.culturalvila-seca.cat\/tocats-de-la-la\/?page_id=20"},"modified":"2023-03-27T18:30:52","modified_gmt":"2023-03-27T16:30:52","slug":"historia","status":"publish","type":"page","link":"https:\/\/www.culturalvila-seca.cat\/tocats-de-la-la\/historia\/","title":{"rendered":"Hist\u00f2ria"},"content":{"rendered":"\n<div class=\"wp-block-group alignfull block_skew intro_pagina\"><div class=\"wp-block-group__inner-container is-layout-flow wp-block-group-is-layout-flow\"><h1>Hist\u00f2ria<\/h1>\n\n\n\n<p>Som una banda de m\u00fasica de carrer vila-secana formada per joves de 16 a 18 anys amb estudis professionals de m\u00fasica. El nostre xou itinerant est\u00e0 format per un repertori divers de m\u00fasica festiva.<\/p>\n<\/div><\/div>\n\n\n\n<h2 class=\"wp-block-heading\">Unim la cultura i la rauxa<\/h2>\n\n\n\n<p>La <strong>Xaranga Tocats de la-la<\/strong> es va incorporar a l&#8217;Agrupaci\u00f3 Cultural de Vila-seca l&#8217;any 2023, convertint-se d&#8217;aquesta manera en la 14a secci\u00f3 de l&#8217;entitat.<\/p>\n\n\n\n<p>Els Tocats de la-la s\u00f3n una xaranga de recent formaci\u00f3, integrada per quinze joves m\u00fasics, d&#8217;edats compreses entre els 16 i els 18 anys, \u00abamb moltes ganes de tocar i passar-ho b\u00e9\u00bb, tal com assegura un dels seus integrants, el vila-sec\u00e0 Biel Barrullas Molina. Ell mateix explica que la Xaranga es va formar arran d&#8217;una estada a Tortosa, on els m\u00fasics van coincidir, es van con\u00e8ixer i van decidir emprendre aquest nou cam\u00ed.<\/p>\n\n\n\n<p>\u00abDe tornada vam quedar per assajar, i aix\u00ed \u00e9s com va comen\u00e7ar tot\u00bb, detalla el Biel. Encara que els m\u00fasics provenen de poblacions com Reus, Tarragona, l&#8217;Ametlla de Mar o el Pinell de Brai, van decidir constituir-se com una xaranga vila-secana per l&#8217;oportunitat que els va donar l&#8217;Agrupaci\u00f3 Cultural d&#8217;acollir-se sota el seu paraigua.<\/p>\n\n\n\n<p>\u00abUna cosa aix\u00ed no passa gaire sovint, aix\u00ed que vam decidir acceptar\u00bb.<\/p>\n\n\n\n<p>L&#8217;estrena dels Tocats de la-la va ser el 29 de gener de 2023, en la Trobada Gegantera que es va fer al Castell per celebrar el 40\u00e8 aniversari del Ton i la Pineda. En l&#8217;actuaci\u00f3 van estar apadrinats per la xaranga vila-secana m\u00e9s veterana, els <em>Band Tocats<\/em>.<\/p>\n\n\n\n<p>\u00abTenim molt bona relaci\u00f3 amb ells i estem molt orgullosos que ens hagin donat aquesta oportunitat d&#8217;actuar amb ells\u00bb, subratlla el Biel.<\/p>\n\n\n\n<figure class=\"wp-block-image size-full\"><img loading=\"lazy\" decoding=\"async\" width=\"768\" height=\"768\" src=\"https:\/\/www.culturalvila-seca.cat\/tocats-de-la-la\/wp-content\/uploads\/sites\/15\/2023\/03\/tocatsdelala.jpg\" alt=\"Xaranga Tocats de La-La\" class=\"wp-image-10\" srcset=\"https:\/\/www.culturalvila-seca.cat\/tocats-de-la-la\/wp-content\/uploads\/sites\/15\/2023\/03\/tocatsdelala.jpg 768w, https:\/\/www.culturalvila-seca.cat\/tocats-de-la-la\/wp-content\/uploads\/sites\/15\/2023\/03\/tocatsdelala-300x300.jpg 300w, https:\/\/www.culturalvila-seca.cat\/tocats-de-la-la\/wp-content\/uploads\/sites\/15\/2023\/03\/tocatsdelala-150x150.jpg 150w\" sizes=\"auto, (max-width: 768px) 100vw, 768px\" \/><\/figure>\n","protected":false},"excerpt":{"rendered":"<p>Som una banda de m\u00fasica de carrer vila-secana formada per joves de 16 a 18 anys amb estudis professionals de m\u00fasica. El nostre xou itinerant est\u00e0 format per un repertori divers de m\u00fasica festiva. Unim la cultura i la rauxa La Xaranga Tocats de la-la es va incorporar a l&#8217;Agrupaci\u00f3 Cultural de Vila-seca l&#8217;any 2023, [&hellip;]<\/p>\n","protected":false},"author":1,"featured_media":0,"parent":0,"menu_order":0,"comment_status":"closed","ping_status":"closed","template":"","meta":{"_acf_changed":false,"footnotes":""},"class_list":["post-20","page","type-page","status-publish","hentry"],"acf":[],"_links":{"self":[{"href":"https:\/\/www.culturalvila-seca.cat\/tocats-de-la-la\/wp-json\/wp\/v2\/pages\/20","targetHints":{"allow":["GET"]}}],"collection":[{"href":"https:\/\/www.culturalvila-seca.cat\/tocats-de-la-la\/wp-json\/wp\/v2\/pages"}],"about":[{"href":"https:\/\/www.culturalvila-seca.cat\/tocats-de-la-la\/wp-json\/wp\/v2\/types\/page"}],"author":[{"embeddable":true,"href":"https:\/\/www.culturalvila-seca.cat\/tocats-de-la-la\/wp-json\/wp\/v2\/users\/1"}],"replies":[{"embeddable":true,"href":"https:\/\/www.culturalvila-seca.cat\/tocats-de-la-la\/wp-json\/wp\/v2\/comments?post=20"}],"version-history":[{"count":2,"href":"https:\/\/www.culturalvila-seca.cat\/tocats-de-la-la\/wp-json\/wp\/v2\/pages\/20\/revisions"}],"predecessor-version":[{"id":22,"href":"https:\/\/www.culturalvila-seca.cat\/tocats-de-la-la\/wp-json\/wp\/v2\/pages\/20\/revisions\/22"}],"wp:attachment":[{"href":"https:\/\/www.culturalvila-seca.cat\/tocats-de-la-la\/wp-json\/wp\/v2\/media?parent=20"}],"curies":[{"name":"wp","href":"https:\/\/api.w.org\/{rel}","templated":true}]}}

Història

<div class="wp-block-group alignfull block_skew intro_pagina"><div class="wp-block-group__inner-container is-layout-flow wp-block-group-is-layout-flow"><h1>Història</h1>



<p>Som una banda de música de carrer vila-secana formada per joves de 16 a 18 anys amb estudis professionals de música. El nostre xou itinerant està format per un repertori divers de música festiva.</p>
</div></div>



<h2 class="wp-block-heading">Unim la cultura i la rauxa</h2>



<p>La <strong>Xaranga Tocats de la-la</strong> es va incorporar a l&#8217;Agrupació Cultural de Vila-seca l&#8217;any 2023, convertint-se d&#8217;aquesta manera en la 14a secció de l&#8217;entitat.</p>



<p>Els Tocats de la-la són una xaranga de recent formació, integrada per quinze joves músics, d&#8217;edats compreses entre els 16 i els 18 anys, «amb moltes ganes de tocar i passar-ho bé», tal com assegura un dels seus integrants, el vila-secà Biel Barrullas Molina. Ell mateix explica que la Xaranga es va formar arran d&#8217;una estada a Tortosa, on els músics van coincidir, es van conèixer i van decidir emprendre aquest nou camí.</p>



<p>«De tornada vam quedar per assajar, i així és com va començar tot», detalla el Biel. Encara que els músics provenen de poblacions com Reus, Tarragona, l&#8217;Ametlla de Mar o el Pinell de Brai, van decidir constituir-se com una xaranga vila-secana per l&#8217;oportunitat que els va donar l&#8217;Agrupació Cultural d&#8217;acollir-se sota el seu paraigua.</p>



<p>«Una cosa així no passa gaire sovint, així que vam decidir acceptar».</p>



<p>L&#8217;estrena dels Tocats de la-la va ser el 29 de gener de 2023, en la Trobada Gegantera que es va fer al Castell per celebrar el 40è aniversari del Ton i la Pineda. En l&#8217;actuació van estar apadrinats per la xaranga vila-secana més veterana, els <em>Band Tocats</em>.</p>



<p>«Tenim molt bona relació amb ells i estem molt orgullosos que ens hagin donat aquesta oportunitat d&#8217;actuar amb ells», subratlla el Biel.</p>



<figure class="wp-block-image size-full"><img loading="lazy" decoding="async" width="768" height="768" src="https://www.culturalvila-seca.cat/tocats-de-la-la/wp-content/uploads/sites/15/2023/03/tocatsdelala.jpg" alt="Xaranga Tocats de La-La" class="wp-image-10" srcset="https://www.culturalvila-seca.cat/tocats-de-la-la/wp-content/uploads/sites/15/2023/03/tocatsdelala.jpg 768w, https://www.culturalvila-seca.cat/tocats-de-la-la/wp-content/uploads/sites/15/2023/03/tocatsdelala-300x300.jpg 300w, https://www.culturalvila-seca.cat/tocats-de-la-la/wp-content/uploads/sites/15/2023/03/tocatsdelala-150x150.jpg 150w" sizes="auto, (max-width: 768px) 100vw, 768px" /></figure>

<p>Som una banda de música de carrer vila-secana formada per joves de 16 a 18 anys amb estudis professionals de música. El nostre xou itinerant està format per un repertori divers de música festiva. Unim la cultura i la rauxa La Xaranga Tocats de la-la es va incorporar a l&#8217;Agrupació Cultural de Vila-seca l&#8217;any 2023, [&hellip;]</p>
